{"id":3585,"date":"2021-08-18T14:35:57","date_gmt":"2021-08-18T12:35:57","guid":{"rendered":"https:\/\/sabimmo.artwhere.co\/gestion-locative\/"},"modified":"2023-08-17T12:44:22","modified_gmt":"2023-08-17T10:44:22","slug":"gestion-locative","status":"publish","type":"page","link":"https:\/\/www.sabimmo.eu\/fr\/gestion-locative\/","title":{"rendered":"Gestion locative"},"content":{"rendered":"<p>[vc_row][vc_column]<div class=\" \">\r\n\t\r\n        <div class=\"mh-heading-wrapper\">\r\n            <h3            class=\"mh-heading  mh-heading--bottom-separator   \"\r\n            style=\"font-weight:700;\">\r\n\t\t\tSabimmo, le trait d\u2019union entre vous et vos locataires.        <\/h3>\r\n\r\n\t\t    <\/div>\r\n\r\n\t<\/div>[vc_column_text]<strong>Pour qui ?\u00a0<\/strong><br \/>\nVous \u00eates propri\u00e9taire d\u2019un ou de plusieurs biens immobiliers donn\u00e9s en location \u00e0 des tiers et souhaitez vous d\u00e9charger des contraintes administratives, techniques, juridiques et financi\u00e8res li\u00e9es \u00e0 la mise en location de ce patrimoine tout en continuant \u00e0 b\u00e9n\u00e9ficier de vos loyers ? Confiez-nous la gestion locative de votre bien, nous le g\u00e9rerons comme si c\u2019\u00e9tait le n\u00f4tre !\u00a0 Trimestriellement, nous vous rendons compte de notre mission de gestion au travers d\u2019un rapport personnalis\u00e9 d\u00e9taillant la rentabilit\u00e9 de votre patrimoine locatif.[\/vc_column_text][\/vc_column][\/vc_row]<\/p>\n","protected":false},"excerpt":{"rendered":"<p>[vc_row][vc_column][vc_column_text]Pour qui ?\u00a0 Vous \u00eates propri\u00e9taire d\u2019un ou de plusieurs biens immobiliers donn\u00e9s en location \u00e0 des tiers et souhaitez vous d\u00e9charger des contraintes administratives, techniques, juridiques et financi\u00e8res li\u00e9es \u00e0 la mise en location de ce patrimoine tout en continuant \u00e0 b\u00e9n\u00e9ficier de vos loyers ? Confiez-nous la gestion locative de votre bien, nous [&hellip;]<\/p>\n","protected":false},"author":12,"featured_media":0,"parent":0,"menu_order":0,"comment_status":"closed","ping_status":"closed","template":"page_full-width-with-top-title.php","meta":{"_acf_changed":false,"footnotes":""},"class_list":["post-3585","page","type-page","status-publish","hentry"],"acf":[],"yoast_head":"<!-- This site is optimized with the Yoast SEO plugin v27.5 - https:\/\/yoast.com\/product\/yoast-seo-wordpress\/ -->\n<title>Gestion locative - Sabimmo<\/title>\n<meta name=\"robots\" content=\"index, follow, max-snippet:-1, max-image-preview:large, max-video-preview:-1\" \/>\n<link rel=\"canonical\" href=\"https:\/\/www.sabimmo.eu\/\/fr\/wp-json\/wp\/v2\/pages\/3585\" \/>\n<meta property=\"og:locale\" content=\"fr_FR\" \/>\n<meta property=\"og:type\" content=\"article\" \/>\n<meta property=\"og:title\" content=\"Gestion locative - Sabimmo\" \/>\n<meta property=\"og:description\" content=\"[vc_row][vc_column][vc_column_text]Pour qui ?\u00a0 Vous \u00eates propri\u00e9taire d\u2019un ou de plusieurs biens immobiliers donn\u00e9s en location \u00e0 des tiers et souhaitez vous d\u00e9charger des contraintes administratives, techniques, juridiques et financi\u00e8res li\u00e9es \u00e0 la mise en location de ce patrimoine tout en continuant \u00e0 b\u00e9n\u00e9ficier de vos loyers ? Confiez-nous la gestion locative de votre bien, nous [&hellip;]\" \/>\n<meta property=\"og:url\" content=\"https:\/\/www.sabimmo.eu\/fr\/gestion-locative\/\" \/>\n<meta property=\"og:site_name\" content=\"Sabimmo\" \/>\n<meta property=\"article:modified_time\" content=\"2023-08-17T10:44:22+00:00\" \/>\n<meta name=\"twitter:card\" content=\"summary_large_image\" \/>\n<meta name=\"twitter:label1\" content=\"Dur\u00e9e de lecture estim\u00e9e\" \/>\n\t<meta name=\"twitter:data1\" content=\"1 minute\" \/>\n<script type=\"application\/ld+json\" class=\"yoast-schema-graph\">{\"@context\":\"https:\\\/\\\/schema.org\",\"@graph\":[{\"@type\":\"WebPage\",\"@id\":\"https:\\\/\\\/www.sabimmo.eu\\\/fr\\\/gestion-locative\\\/\",\"url\":\"https:\\\/\\\/www.sabimmo.eu\\\/fr\\\/gestion-locative\\\/\",\"name\":\"Gestion locative - Sabimmo\",\"isPartOf\":{\"@id\":\"https:\\\/\\\/www.sabimmo.eu\\\/fr\\\/#website\"},\"datePublished\":\"2021-08-18T12:35:57+00:00\",\"dateModified\":\"2023-08-17T10:44:22+00:00\",\"breadcrumb\":{\"@id\":\"https:\\\/\\\/www.sabimmo.eu\\\/fr\\\/gestion-locative\\\/#breadcrumb\"},\"inLanguage\":\"fr-FR\",\"potentialAction\":[{\"@type\":\"ReadAction\",\"target\":[\"https:\\\/\\\/www.sabimmo.eu\\\/fr\\\/gestion-locative\\\/\"]}]},{\"@type\":\"BreadcrumbList\",\"@id\":\"https:\\\/\\\/www.sabimmo.eu\\\/fr\\\/gestion-locative\\\/#breadcrumb\",\"itemListElement\":[{\"@type\":\"ListItem\",\"position\":1,\"name\":\"Accueil\",\"item\":\"https:\\\/\\\/www.sabimmo.eu\\\/fr\\\/\"},{\"@type\":\"ListItem\",\"position\":2,\"name\":\"Gestion locative\"}]},{\"@type\":\"WebSite\",\"@id\":\"https:\\\/\\\/www.sabimmo.eu\\\/fr\\\/#website\",\"url\":\"https:\\\/\\\/www.sabimmo.eu\\\/fr\\\/\",\"name\":\"Sabimmo\",\"description\":\"Expertises, ventes, locations, gestion et conseils immobiliers\",\"alternateName\":\"Sabimmo\",\"potentialAction\":[{\"@type\":\"SearchAction\",\"target\":{\"@type\":\"EntryPoint\",\"urlTemplate\":\"https:\\\/\\\/www.sabimmo.eu\\\/fr\\\/?s={search_term_string}\"},\"query-input\":{\"@type\":\"PropertyValueSpecification\",\"valueRequired\":true,\"valueName\":\"search_term_string\"}}],\"inLanguage\":\"fr-FR\"}]}<\/script>\n<!-- \/ Yoast SEO plugin. -->","yoast_head_json":{"title":"Gestion locative - Sabimmo","robots":{"index":"index","follow":"follow","max-snippet":"max-snippet:-1","max-image-preview":"max-image-preview:large","max-video-preview":"max-video-preview:-1"},"canonical":"https:\/\/www.sabimmo.eu\/\/fr\/wp-json\/wp\/v2\/pages\/3585","og_locale":"fr_FR","og_type":"article","og_title":"Gestion locative - Sabimmo","og_description":"[vc_row][vc_column][vc_column_text]Pour qui ?\u00a0 Vous \u00eates propri\u00e9taire d\u2019un ou de plusieurs biens immobiliers donn\u00e9s en location \u00e0 des tiers et souhaitez vous d\u00e9charger des contraintes administratives, techniques, juridiques et financi\u00e8res li\u00e9es \u00e0 la mise en location de ce patrimoine tout en continuant \u00e0 b\u00e9n\u00e9ficier de vos loyers ? Confiez-nous la gestion locative de votre bien, nous [&hellip;]","og_url":"https:\/\/www.sabimmo.eu\/fr\/gestion-locative\/","og_site_name":"Sabimmo","article_modified_time":"2023-08-17T10:44:22+00:00","twitter_card":"summary_large_image","twitter_misc":{"Dur\u00e9e de lecture estim\u00e9e":"1 minute"},"schema":{"@context":"https:\/\/schema.org","@graph":[{"@type":"WebPage","@id":"https:\/\/www.sabimmo.eu\/fr\/gestion-locative\/","url":"https:\/\/www.sabimmo.eu\/fr\/gestion-locative\/","name":"Gestion locative - Sabimmo","isPartOf":{"@id":"https:\/\/www.sabimmo.eu\/fr\/#website"},"datePublished":"2021-08-18T12:35:57+00:00","dateModified":"2023-08-17T10:44:22+00:00","breadcrumb":{"@id":"https:\/\/www.sabimmo.eu\/fr\/gestion-locative\/#breadcrumb"},"inLanguage":"fr-FR","potentialAction":[{"@type":"ReadAction","target":["https:\/\/www.sabimmo.eu\/fr\/gestion-locative\/"]}]},{"@type":"BreadcrumbList","@id":"https:\/\/www.sabimmo.eu\/fr\/gestion-locative\/#breadcrumb","itemListElement":[{"@type":"ListItem","position":1,"name":"Accueil","item":"https:\/\/www.sabimmo.eu\/fr\/"},{"@type":"ListItem","position":2,"name":"Gestion locative"}]},{"@type":"WebSite","@id":"https:\/\/www.sabimmo.eu\/fr\/#website","url":"https:\/\/www.sabimmo.eu\/fr\/","name":"Sabimmo","description":"Expertises, ventes, locations, gestion et conseils immobiliers","alternateName":"Sabimmo","potentialAction":[{"@type":"SearchAction","target":{"@type":"EntryPoint","urlTemplate":"https:\/\/www.sabimmo.eu\/fr\/?s={search_term_string}"},"query-input":{"@type":"PropertyValueSpecification","valueRequired":true,"valueName":"search_term_string"}}],"inLanguage":"fr-FR"}]}},"_links":{"self":[{"href":"https:\/\/www.sabimmo.eu\/fr\/wp-json\/wp\/v2\/pages\/3585","targetHints":{"allow":["GET"]}}],"collection":[{"href":"https:\/\/www.sabimmo.eu\/fr\/wp-json\/wp\/v2\/pages"}],"about":[{"href":"https:\/\/www.sabimmo.eu\/fr\/wp-json\/wp\/v2\/types\/page"}],"author":[{"embeddable":true,"href":"https:\/\/www.sabimmo.eu\/fr\/wp-json\/wp\/v2\/users\/12"}],"replies":[{"embeddable":true,"href":"https:\/\/www.sabimmo.eu\/fr\/wp-json\/wp\/v2\/comments?post=3585"}],"version-history":[{"count":0,"href":"https:\/\/www.sabimmo.eu\/fr\/wp-json\/wp\/v2\/pages\/3585\/revisions"}],"wp:attachment":[{"href":"https:\/\/www.sabimmo.eu\/fr\/wp-json\/wp\/v2\/media?parent=3585"}],"curies":[{"name":"wp","href":"https:\/\/api.w.org\/{rel}","templated":true}]}}

<p>[vc_row][vc_column]<div class=" ">
	
        <div class="mh-heading-wrapper">
            <h3            class="mh-heading  mh-heading--bottom-separator   "
            style="font-weight:700;">
			Sabimmo, le trait d’union entre vous et vos locataires.        </h3>

		    </div>

	</div>[vc_column_text]<strong>Pour qui ? </strong><br />
Vous êtes propriétaire d’un ou de plusieurs biens immobiliers donnés en location à des tiers et souhaitez vous décharger des contraintes administratives, techniques, juridiques et financières liées à la mise en location de ce patrimoine tout en continuant à bénéficier de vos loyers ? Confiez-nous la gestion locative de votre bien, nous le gérerons comme si c’était le nôtre !  Trimestriellement, nous vous rendons compte de notre mission de gestion au travers d’un rapport personnalisé détaillant la rentabilité de votre patrimoine locatif.[/vc_column_text][/vc_column][/vc_row]</p>

<p>[vc_row][vc_column][vc_column_text]Pour qui ?  Vous êtes propriétaire d’un ou de plusieurs biens immobiliers donnés en location à des tiers et souhaitez vous décharger des contraintes administratives, techniques, juridiques et financières liées à la mise en location de ce patrimoine tout en continuant à bénéficier de vos loyers ? Confiez-nous la gestion locative de votre bien, nous [&hellip;]</p>

<!-- This site is optimized with the Yoast SEO plugin v27.5 - https://yoast.com/product/yoast-seo-wordpress/ -->
<title>Gestion locative - Sabimmo</title>
<meta name="robots" content="index, follow, max-snippet:-1, max-image-preview:large, max-video-preview:-1" />
<link rel="canonical" href="https://www.sabimmo.eu//fr/wp-json/wp/v2/pages/3585" />
<meta property="og:locale" content="fr_FR" />
<meta property="og:type" content="article" />
<meta property="og:title" content="Gestion locative - Sabimmo" />
<meta property="og:description" content="[vc_row][vc_column][vc_column_text]Pour qui ?  Vous êtes propriétaire d’un ou de plusieurs biens immobiliers donnés en location à des tiers et souhaitez vous décharger des contraintes administratives, techniques, juridiques et financières liées à la mise en location de ce patrimoine tout en continuant à bénéficier de vos loyers ? Confiez-nous la gestion locative de votre bien, nous [&hellip;]" />
<meta property="og:url" content="https://www.sabimmo.eu/fr/gestion-locative/" />
<meta property="og:site_name" content="Sabimmo" />
<meta property="article:modified_time" content="2023-08-17T10:44:22+00:00" />
<meta name="twitter:card" content="summary_large_image" />
<meta name="twitter:label1" content="Durée de lecture estimée" />
	<meta name="twitter:data1" content="1 minute" />
<script type="application/ld+json" class="yoast-schema-graph">{"@context":"https:\/\/schema.org","@graph":[{"@type":"WebPage","@id":"https:\/\/www.sabimmo.eu\/fr\/gestion-locative\/","url":"https:\/\/www.sabimmo.eu\/fr\/gestion-locative\/","name":"Gestion locative - Sabimmo","isPartOf":{"@id":"https:\/\/www.sabimmo.eu\/fr\/#website"},"datePublished":"2021-08-18T12:35:57+00:00","dateModified":"2023-08-17T10:44:22+00:00","breadcrumb":{"@id":"https:\/\/www.sabimmo.eu\/fr\/gestion-locative\/#breadcrumb"},"inLanguage":"fr-FR","potentialAction":[{"@type":"ReadAction","target":["https:\/\/www.sabimmo.eu\/fr\/gestion-locative\/"]}]},{"@type":"BreadcrumbList","@id":"https:\/\/www.sabimmo.eu\/fr\/gestion-locative\/#breadcrumb","itemListElement":[{"@type":"ListItem","position":1,"name":"Accueil","item":"https:\/\/www.sabimmo.eu\/fr\/"},{"@type":"ListItem","position":2,"name":"Gestion locative"}]},{"@type":"WebSite","@id":"https:\/\/www.sabimmo.eu\/fr\/#website","url":"https:\/\/www.sabimmo.eu\/fr\/","name":"Sabimmo","description":"Expertises, ventes, locations, gestion et conseils immobiliers","alternateName":"Sabimmo","potentialAction":[{"@type":"SearchAction","target":{"@type":"EntryPoint","urlTemplate":"https:\/\/www.sabimmo.eu\/fr\/?s={search_term_string}"},"query-input":{"@type":"PropertyValueSpecification","valueRequired":true,"valueName":"search_term_string"}}],"inLanguage":"fr-FR"}]}</script>
<!-- / Yoast SEO plugin. -->

[vc_row][vc_column][vc_column_text]Pour qui ?  Vous êtes propriétaire d’un ou de plusieurs biens immobiliers donnés en location à des tiers et souhaitez vous décharger des contraintes administratives, techniques, juridiques et financières liées à la mise en location de ce patrimoine tout en continuant à bénéficier de vos loyers ? Confiez-nous la gestion locative de votre bien, nous [&hellip;]
