{"id":53773,"date":"2026-05-01T00:00:00","date_gmt":"2026-05-01T00:00:00","guid":{"rendered":"http:\/\/www.sabimmo.eu\/?post_type=estate&#038;p=53773"},"modified":"2026-05-01T16:02:38","modified_gmt":"2026-05-01T14:02:38","slug":"appartement-a-vendre-bruxelles-7678865","status":"publish","type":"estate","link":"https:\/\/www.sabimmo.eu\/fr\/properties\/apartment-fr\/bruxelles\/appartement-a-vendre-bruxelles-7678865\/","title":{"rendered":"Appartement \u00e0 vendre &#8211; Bruxelles (7678865)"},"content":{"rendered":"<p>Dans un immeuble r\u00e9cent appel\u00e9 Brusello datant de 2017, chambre d&#8217;\u00e9tudiant moderne avec sa propre SDD. La r\u00e9sidence poss\u00e8de une salle polyvalente, 2 cuisines partag\u00e9es par \u00e9tage avec terrasse, emplacement v\u00e9lo, buanderie commune, concierge sur place, jardin commun. Pr\u00e8s de la Grand Place, pr\u00e8s de plusieurs hautes \u00e9coles ( institut Francisco Ferrer, Institut des hautes \u00e9tudes de communication&#8230;, ainsi que tous les transports (train, bus, v\u00e9lo..)<\/p>\n<p>L&#8217;appartement est lou\u00e9 \u00e0 615\u20ac plus charges de 120\u20ac. A partir du mois de septembre le loyer sera de 635 \u20ac<br \/>Frais de gestion de Diggit Student life: +\/- 61,15 \u20ac par mois (10% du loyer)<br \/>Charges propri\u00e9taires de +\/- 95,66 \u20ac par mois<br \/>Soit un net de +\/- 457,84\u20ac par mois<br \/>La chambre est soumise \u00e0 la taxe bruxelloise d&#8217;appartement meubl\u00e9 de 375,50\u20ac par an<\/p>\n<p>La chambre se compose d&#8217;un belle espace avec un lit, bureau avec chaise, une SDD privative avec toilette.<\/p>\n<p>Id\u00e9al pour un investissement ou votre enfant qui va \u00e9tudier \u00e0 Bruxelles ou Leuven (pr\u00e8s de la gare).<\/p>\n<p>Tous les documents n\u00e9cessaire \u00e0 la vente ( AG, certificat \u00e9lectrique, plan, renseignement urbanistique&#8230;) sont disponible sur notre site internet dans la fiche du bien.<br \/>Les propri\u00e9taires se r\u00e9servent le droit d&#8217;accepter ou pas toute offre re\u00e7ue!<\/p>\n<p>Information &#8211; visites 0496 279 251 (Coralline) ou 0476 429 022 (Sabine)<br \/>Information non contractuelle!<\/p>\n","protected":false},"excerpt":{"rendered":"<p>Dans un immeuble r\u00e9cent appel\u00e9 Brusello datant de 2017, chambre d&#8217;\u00e9tudiant moderne avec sa propre SDD. La r\u00e9sidence poss\u00e8de une salle polyvalente, 2 cuisines partag\u00e9es par \u00e9tage avec terrasse, emplacement v\u00e9lo, buanderie commune, concierge sur place, jardin commun. Pr\u00e8s de la Grand Place, pr\u00e8s de plusieurs hautes \u00e9coles ( institut Francisco Ferrer, Institut des hautes [&hellip;]<\/p>\n","protected":false},"author":13,"featured_media":53776,"template":"","class_list":["post-53773","estate","type-estate","status-publish","has-post-thumbnail","hentry","property-type-apartment-fr","offer-type-sale-fr","city-bruxelles","zip-code-636","features-elevator","features-janitor","features-double-glass-windows","features-water","features-sewage","features-gas","features-nearby-sport-center","features-nearby-shops","features-nearby-schools","features-nearby-public-transports"],"acf":[],"yoast_head":"<!-- This site is optimized with the Yoast SEO plugin v27.5 - https:\/\/yoast.com\/product\/yoast-seo-wordpress\/ -->\n<title>Appartement \u00e0 vendre - Bruxelles (7678865) - Sabimmo<\/title>\n<meta name=\"robots\" content=\"index, follow, max-snippet:-1, max-image-preview:large, max-video-preview:-1\" \/>\n<link rel=\"canonical\" href=\"https:\/\/www.sabimmo.eu\/\/fr\/wp-json\/wp\/v2\/estate\/53773\" \/>\n<meta property=\"og:locale\" content=\"fr_FR\" \/>\n<meta property=\"og:type\" content=\"article\" \/>\n<meta property=\"og:title\" content=\"Appartement \u00e0 vendre - Bruxelles (7678865) - Sabimmo\" \/>\n<meta property=\"og:description\" content=\"Dans un immeuble r\u00e9cent appel\u00e9 Brusello datant de 2017, chambre d&#8217;\u00e9tudiant moderne avec sa propre SDD. La r\u00e9sidence poss\u00e8de une salle polyvalente, 2 cuisines partag\u00e9es par \u00e9tage avec terrasse, emplacement v\u00e9lo, buanderie commune, concierge sur place, jardin commun. Pr\u00e8s de la Grand Place, pr\u00e8s de plusieurs hautes \u00e9coles ( institut Francisco Ferrer, Institut des hautes [&hellip;]\" \/>\n<meta property=\"og:url\" content=\"https:\/\/www.sabimmo.eu\/fr\/properties\/apartment-fr\/bruxelles\/appartement-a-vendre-bruxelles-7678865\/\" \/>\n<meta property=\"og:site_name\" content=\"Sabimmo\" \/>\n<meta property=\"article:modified_time\" content=\"2026-05-01T14:02:38+00:00\" \/>\n<meta property=\"og:image\" content=\"https:\/\/www.sabimmo.eu\/wp-content\/uploads\/2026\/05\/439418fe4cee458a90c21501893592c6-scaled.jpg\" \/>\n\t<meta property=\"og:image:width\" content=\"1200\" \/>\n\t<meta property=\"og:image:height\" content=\"900\" \/>\n\t<meta property=\"og:image:type\" content=\"image\/jpeg\" \/>\n<meta name=\"twitter:card\" content=\"summary_large_image\" \/>\n<meta name=\"twitter:label1\" content=\"Dur\u00e9e de lecture estim\u00e9e\" \/>\n\t<meta name=\"twitter:data1\" content=\"1 minute\" \/>\n<script type=\"application\/ld+json\" class=\"yoast-schema-graph\">{\"@context\":\"https:\\\/\\\/schema.org\",\"@graph\":[{\"@type\":\"WebPage\",\"@id\":\"https:\\\/\\\/www.sabimmo.eu\\\/fr\\\/properties\\\/apartment-fr\\\/bruxelles\\\/appartement-a-vendre-bruxelles-7678865\\\/\",\"url\":\"https:\\\/\\\/www.sabimmo.eu\\\/fr\\\/properties\\\/apartment-fr\\\/bruxelles\\\/appartement-a-vendre-bruxelles-7678865\\\/\",\"name\":\"Appartement \u00e0 vendre - Bruxelles (7678865) - Sabimmo\",\"isPartOf\":{\"@id\":\"https:\\\/\\\/www.sabimmo.eu\\\/fr\\\/#website\"},\"primaryImageOfPage\":{\"@id\":\"https:\\\/\\\/www.sabimmo.eu\\\/fr\\\/properties\\\/apartment-fr\\\/bruxelles\\\/appartement-a-vendre-bruxelles-7678865\\\/#primaryimage\"},\"image\":{\"@id\":\"https:\\\/\\\/www.sabimmo.eu\\\/fr\\\/properties\\\/apartment-fr\\\/bruxelles\\\/appartement-a-vendre-bruxelles-7678865\\\/#primaryimage\"},\"thumbnailUrl\":\"https:\\\/\\\/www.sabimmo.eu\\\/wp-content\\\/uploads\\\/2026\\\/05\\\/439418fe4cee458a90c21501893592c6-scaled.jpg\",\"datePublished\":\"2026-05-01T00:00:00+00:00\",\"dateModified\":\"2026-05-01T14:02:38+00:00\",\"breadcrumb\":{\"@id\":\"https:\\\/\\\/www.sabimmo.eu\\\/fr\\\/properties\\\/apartment-fr\\\/bruxelles\\\/appartement-a-vendre-bruxelles-7678865\\\/#breadcrumb\"},\"inLanguage\":\"fr-FR\",\"potentialAction\":[{\"@type\":\"ReadAction\",\"target\":[\"https:\\\/\\\/www.sabimmo.eu\\\/fr\\\/properties\\\/apartment-fr\\\/bruxelles\\\/appartement-a-vendre-bruxelles-7678865\\\/\"]}]},{\"@type\":\"ImageObject\",\"inLanguage\":\"fr-FR\",\"@id\":\"https:\\\/\\\/www.sabimmo.eu\\\/fr\\\/properties\\\/apartment-fr\\\/bruxelles\\\/appartement-a-vendre-bruxelles-7678865\\\/#primaryimage\",\"url\":\"https:\\\/\\\/www.sabimmo.eu\\\/wp-content\\\/uploads\\\/2026\\\/05\\\/439418fe4cee458a90c21501893592c6-scaled.jpg\",\"contentUrl\":\"https:\\\/\\\/www.sabimmo.eu\\\/wp-content\\\/uploads\\\/2026\\\/05\\\/439418fe4cee458a90c21501893592c6-scaled.jpg\",\"width\":1200,\"height\":900},{\"@type\":\"BreadcrumbList\",\"@id\":\"https:\\\/\\\/www.sabimmo.eu\\\/fr\\\/properties\\\/apartment-fr\\\/bruxelles\\\/appartement-a-vendre-bruxelles-7678865\\\/#breadcrumb\",\"itemListElement\":[{\"@type\":\"ListItem\",\"position\":1,\"name\":\"Accueil\",\"item\":\"https:\\\/\\\/www.sabimmo.eu\\\/fr\\\/\"},{\"@type\":\"ListItem\",\"position\":2,\"name\":\"Propri\u00e9t\u00e9s\",\"item\":\"https:\\\/\\\/www.sabimmo.eu\\\/fr\\\/properties\\\/\"},{\"@type\":\"ListItem\",\"position\":3,\"name\":\"Appartement \u00e0 vendre &#8211; Bruxelles (7678865)\"}]},{\"@type\":\"WebSite\",\"@id\":\"https:\\\/\\\/www.sabimmo.eu\\\/fr\\\/#website\",\"url\":\"https:\\\/\\\/www.sabimmo.eu\\\/fr\\\/\",\"name\":\"Sabimmo\",\"description\":\"Expertises, ventes, locations, gestion et conseils immobiliers\",\"alternateName\":\"Sabimmo\",\"potentialAction\":[{\"@type\":\"SearchAction\",\"target\":{\"@type\":\"EntryPoint\",\"urlTemplate\":\"https:\\\/\\\/www.sabimmo.eu\\\/fr\\\/?s={search_term_string}\"},\"query-input\":{\"@type\":\"PropertyValueSpecification\",\"valueRequired\":true,\"valueName\":\"search_term_string\"}}],\"inLanguage\":\"fr-FR\"}]}<\/script>\n<!-- \/ Yoast SEO plugin. -->","yoast_head_json":{"title":"Appartement \u00e0 vendre - Bruxelles (7678865) - Sabimmo","robots":{"index":"index","follow":"follow","max-snippet":"max-snippet:-1","max-image-preview":"max-image-preview:large","max-video-preview":"max-video-preview:-1"},"canonical":"https:\/\/www.sabimmo.eu\/\/fr\/wp-json\/wp\/v2\/estate\/53773","og_locale":"fr_FR","og_type":"article","og_title":"Appartement \u00e0 vendre - Bruxelles (7678865) - Sabimmo","og_description":"Dans un immeuble r\u00e9cent appel\u00e9 Brusello datant de 2017, chambre d&#8217;\u00e9tudiant moderne avec sa propre SDD. La r\u00e9sidence poss\u00e8de une salle polyvalente, 2 cuisines partag\u00e9es par \u00e9tage avec terrasse, emplacement v\u00e9lo, buanderie commune, concierge sur place, jardin commun. Pr\u00e8s de la Grand Place, pr\u00e8s de plusieurs hautes \u00e9coles ( institut Francisco Ferrer, Institut des hautes [&hellip;]","og_url":"https:\/\/www.sabimmo.eu\/fr\/properties\/apartment-fr\/bruxelles\/appartement-a-vendre-bruxelles-7678865\/","og_site_name":"Sabimmo","article_modified_time":"2026-05-01T14:02:38+00:00","og_image":[{"width":1200,"height":900,"url":"https:\/\/www.sabimmo.eu\/wp-content\/uploads\/2026\/05\/439418fe4cee458a90c21501893592c6-scaled.jpg","type":"image\/jpeg"}],"twitter_card":"summary_large_image","twitter_misc":{"Dur\u00e9e de lecture estim\u00e9e":"1 minute"},"schema":{"@context":"https:\/\/schema.org","@graph":[{"@type":"WebPage","@id":"https:\/\/www.sabimmo.eu\/fr\/properties\/apartment-fr\/bruxelles\/appartement-a-vendre-bruxelles-7678865\/","url":"https:\/\/www.sabimmo.eu\/fr\/properties\/apartment-fr\/bruxelles\/appartement-a-vendre-bruxelles-7678865\/","name":"Appartement \u00e0 vendre - Bruxelles (7678865) - Sabimmo","isPartOf":{"@id":"https:\/\/www.sabimmo.eu\/fr\/#website"},"primaryImageOfPage":{"@id":"https:\/\/www.sabimmo.eu\/fr\/properties\/apartment-fr\/bruxelles\/appartement-a-vendre-bruxelles-7678865\/#primaryimage"},"image":{"@id":"https:\/\/www.sabimmo.eu\/fr\/properties\/apartment-fr\/bruxelles\/appartement-a-vendre-bruxelles-7678865\/#primaryimage"},"thumbnailUrl":"https:\/\/www.sabimmo.eu\/wp-content\/uploads\/2026\/05\/439418fe4cee458a90c21501893592c6-scaled.jpg","datePublished":"2026-05-01T00:00:00+00:00","dateModified":"2026-05-01T14:02:38+00:00","breadcrumb":{"@id":"https:\/\/www.sabimmo.eu\/fr\/properties\/apartment-fr\/bruxelles\/appartement-a-vendre-bruxelles-7678865\/#breadcrumb"},"inLanguage":"fr-FR","potentialAction":[{"@type":"ReadAction","target":["https:\/\/www.sabimmo.eu\/fr\/properties\/apartment-fr\/bruxelles\/appartement-a-vendre-bruxelles-7678865\/"]}]},{"@type":"ImageObject","inLanguage":"fr-FR","@id":"https:\/\/www.sabimmo.eu\/fr\/properties\/apartment-fr\/bruxelles\/appartement-a-vendre-bruxelles-7678865\/#primaryimage","url":"https:\/\/www.sabimmo.eu\/wp-content\/uploads\/2026\/05\/439418fe4cee458a90c21501893592c6-scaled.jpg","contentUrl":"https:\/\/www.sabimmo.eu\/wp-content\/uploads\/2026\/05\/439418fe4cee458a90c21501893592c6-scaled.jpg","width":1200,"height":900},{"@type":"BreadcrumbList","@id":"https:\/\/www.sabimmo.eu\/fr\/properties\/apartment-fr\/bruxelles\/appartement-a-vendre-bruxelles-7678865\/#breadcrumb","itemListElement":[{"@type":"ListItem","position":1,"name":"Accueil","item":"https:\/\/www.sabimmo.eu\/fr\/"},{"@type":"ListItem","position":2,"name":"Propri\u00e9t\u00e9s","item":"https:\/\/www.sabimmo.eu\/fr\/properties\/"},{"@type":"ListItem","position":3,"name":"Appartement \u00e0 vendre &#8211; Bruxelles (7678865)"}]},{"@type":"WebSite","@id":"https:\/\/www.sabimmo.eu\/fr\/#website","url":"https:\/\/www.sabimmo.eu\/fr\/","name":"Sabimmo","description":"Expertises, ventes, locations, gestion et conseils immobiliers","alternateName":"Sabimmo","potentialAction":[{"@type":"SearchAction","target":{"@type":"EntryPoint","urlTemplate":"https:\/\/www.sabimmo.eu\/fr\/?s={search_term_string}"},"query-input":{"@type":"PropertyValueSpecification","valueRequired":true,"valueName":"search_term_string"}}],"inLanguage":"fr-FR"}]}},"_links":{"self":[{"href":"https:\/\/www.sabimmo.eu\/fr\/wp-json\/wp\/v2\/estate\/53773","targetHints":{"allow":["GET"]}}],"collection":[{"href":"https:\/\/www.sabimmo.eu\/fr\/wp-json\/wp\/v2\/estate"}],"about":[{"href":"https:\/\/www.sabimmo.eu\/fr\/wp-json\/wp\/v2\/types\/estate"}],"author":[{"embeddable":true,"href":"https:\/\/www.sabimmo.eu\/fr\/wp-json\/wp\/v2\/users\/13"}],"wp:featuredmedia":[{"embeddable":true,"href":"https:\/\/www.sabimmo.eu\/fr\/wp-json\/wp\/v2\/media\/53776"}],"wp:attachment":[{"href":"https:\/\/www.sabimmo.eu\/fr\/wp-json\/wp\/v2\/media?parent=53773"}],"curies":[{"name":"wp","href":"https:\/\/api.w.org\/{rel}","templated":true}]}}

Appartement à vendre &#8211; Bruxelles (7678865)

<p>Dans un immeuble récent appelé Brusello datant de 2017, chambre d&#8217;étudiant moderne avec sa propre SDD. La résidence possède une salle polyvalente, 2 cuisines partagées par étage avec terrasse, emplacement vélo, buanderie commune, concierge sur place, jardin commun. Près de la Grand Place, près de plusieurs hautes écoles ( institut Francisco Ferrer, Institut des hautes études de communication&#8230;, ainsi que tous les transports (train, bus, vélo..)</p>
<p>L&#8217;appartement est loué à 615€ plus charges de 120€. A partir du mois de septembre le loyer sera de 635 €<br />Frais de gestion de Diggit Student life: +/- 61,15 € par mois (10% du loyer)<br />Charges propriétaires de +/- 95,66 € par mois<br />Soit un net de +/- 457,84€ par mois<br />La chambre est soumise à la taxe bruxelloise d&#8217;appartement meublé de 375,50€ par an</p>
<p>La chambre se compose d&#8217;un belle espace avec un lit, bureau avec chaise, une SDD privative avec toilette.</p>
<p>Idéal pour un investissement ou votre enfant qui va étudier à Bruxelles ou Leuven (près de la gare).</p>
<p>Tous les documents nécessaire à la vente ( AG, certificat électrique, plan, renseignement urbanistique&#8230;) sont disponible sur notre site internet dans la fiche du bien.<br />Les propriétaires se réservent le droit d&#8217;accepter ou pas toute offre reçue!</p>
<p>Information &#8211; visites 0496 279 251 (Coralline) ou 0476 429 022 (Sabine)<br />Information non contractuelle!</p>

<p>Dans un immeuble récent appelé Brusello datant de 2017, chambre d&#8217;étudiant moderne avec sa propre SDD. La résidence possède une salle polyvalente, 2 cuisines partagées par étage avec terrasse, emplacement vélo, buanderie commune, concierge sur place, jardin commun. Près de la Grand Place, près de plusieurs hautes écoles ( institut Francisco Ferrer, Institut des hautes [&hellip;]</p>

<!-- This site is optimized with the Yoast SEO plugin v27.5 - https://yoast.com/product/yoast-seo-wordpress/ -->
<title>Appartement à vendre - Bruxelles (7678865) - Sabimmo</title>
<meta name="robots" content="index, follow, max-snippet:-1, max-image-preview:large, max-video-preview:-1" />
<link rel="canonical" href="https://www.sabimmo.eu//fr/wp-json/wp/v2/estate/53773" />
<meta property="og:locale" content="fr_FR" />
<meta property="og:type" content="article" />
<meta property="og:title" content="Appartement à vendre - Bruxelles (7678865) - Sabimmo" />
<meta property="og:description" content="Dans un immeuble récent appelé Brusello datant de 2017, chambre d&#8217;étudiant moderne avec sa propre SDD. La résidence possède une salle polyvalente, 2 cuisines partagées par étage avec terrasse, emplacement vélo, buanderie commune, concierge sur place, jardin commun. Près de la Grand Place, près de plusieurs hautes écoles ( institut Francisco Ferrer, Institut des hautes [&hellip;]" />
<meta property="og:url" content="https://www.sabimmo.eu/fr/properties/apartment-fr/bruxelles/appartement-a-vendre-bruxelles-7678865/" />
<meta property="og:site_name" content="Sabimmo" />
<meta property="article:modified_time" content="2026-05-01T14:02:38+00:00" />
<meta property="og:image" content="https://www.sabimmo.eu/wp-content/uploads/2026/05/439418fe4cee458a90c21501893592c6-scaled.jpg" />
	<meta property="og:image:width" content="1200" />
	<meta property="og:image:height" content="900" />
	<meta property="og:image:type" content="image/jpeg" />
<meta name="twitter:card" content="summary_large_image" />
<meta name="twitter:label1" content="Durée de lecture estimée" />
	<meta name="twitter:data1" content="1 minute" />
<script type="application/ld+json" class="yoast-schema-graph">{"@context":"https:\/\/schema.org","@graph":[{"@type":"WebPage","@id":"https:\/\/www.sabimmo.eu\/fr\/properties\/apartment-fr\/bruxelles\/appartement-a-vendre-bruxelles-7678865\/","url":"https:\/\/www.sabimmo.eu\/fr\/properties\/apartment-fr\/bruxelles\/appartement-a-vendre-bruxelles-7678865\/","name":"Appartement à vendre - Bruxelles (7678865) - Sabimmo","isPartOf":{"@id":"https:\/\/www.sabimmo.eu\/fr\/#website"},"primaryImageOfPage":{"@id":"https:\/\/www.sabimmo.eu\/fr\/properties\/apartment-fr\/bruxelles\/appartement-a-vendre-bruxelles-7678865\/#primaryimage"},"image":{"@id":"https:\/\/www.sabimmo.eu\/fr\/properties\/apartment-fr\/bruxelles\/appartement-a-vendre-bruxelles-7678865\/#primaryimage"},"thumbnailUrl":"https:\/\/www.sabimmo.eu\/wp-content\/uploads\/2026\/05\/439418fe4cee458a90c21501893592c6-scaled.jpg","datePublished":"2026-05-01T00:00:00+00:00","dateModified":"2026-05-01T14:02:38+00:00","breadcrumb":{"@id":"https:\/\/www.sabimmo.eu\/fr\/properties\/apartment-fr\/bruxelles\/appartement-a-vendre-bruxelles-7678865\/#breadcrumb"},"inLanguage":"fr-FR","potentialAction":[{"@type":"ReadAction","target":["https:\/\/www.sabimmo.eu\/fr\/properties\/apartment-fr\/bruxelles\/appartement-a-vendre-bruxelles-7678865\/"]}]},{"@type":"ImageObject","inLanguage":"fr-FR","@id":"https:\/\/www.sabimmo.eu\/fr\/properties\/apartment-fr\/bruxelles\/appartement-a-vendre-bruxelles-7678865\/#primaryimage","url":"https:\/\/www.sabimmo.eu\/wp-content\/uploads\/2026\/05\/439418fe4cee458a90c21501893592c6-scaled.jpg","contentUrl":"https:\/\/www.sabimmo.eu\/wp-content\/uploads\/2026\/05\/439418fe4cee458a90c21501893592c6-scaled.jpg","width":1200,"height":900},{"@type":"BreadcrumbList","@id":"https:\/\/www.sabimmo.eu\/fr\/properties\/apartment-fr\/bruxelles\/appartement-a-vendre-bruxelles-7678865\/#breadcrumb","itemListElement":[{"@type":"ListItem","position":1,"name":"Accueil","item":"https:\/\/www.sabimmo.eu\/fr\/"},{"@type":"ListItem","position":2,"name":"Propriétés","item":"https:\/\/www.sabimmo.eu\/fr\/properties\/"},{"@type":"ListItem","position":3,"name":"Appartement à vendre &#8211; Bruxelles (7678865)"}]},{"@type":"WebSite","@id":"https:\/\/www.sabimmo.eu\/fr\/#website","url":"https:\/\/www.sabimmo.eu\/fr\/","name":"Sabimmo","description":"Expertises, ventes, locations, gestion et conseils immobiliers","alternateName":"Sabimmo","potentialAction":[{"@type":"SearchAction","target":{"@type":"EntryPoint","urlTemplate":"https:\/\/www.sabimmo.eu\/fr\/?s={search_term_string}"},"query-input":{"@type":"PropertyValueSpecification","valueRequired":true,"valueName":"search_term_string"}}],"inLanguage":"fr-FR"}]}</script>
<!-- / Yoast SEO plugin. -->

Appartement à vendre - Bruxelles (7678865) - Sabimmo

Dans un immeuble récent appelé Brusello datant de 2017, chambre d&#8217;étudiant moderne avec sa propre SDD. La résidence possède une salle polyvalente, 2 cuisines partagées par étage avec terrasse, emplacement vélo, buanderie commune, concierge sur place, jardin commun. Près de la Grand Place, près de plusieurs hautes écoles ( institut Francisco Ferrer, Institut des hautes [&hellip;]

Propriétés
