{"id":52572,"date":"2026-03-06T00:00:00","date_gmt":"2026-03-06T00:00:00","guid":{"rendered":"http:\/\/www.sabimmo.eu\/?post_type=estate&#038;p=52572"},"modified":"2026-05-03T10:39:49","modified_gmt":"2026-05-03T08:39:49","slug":"appartement-a-vendre-schaerbeek-7597915","status":"publish","type":"estate","link":"https:\/\/www.sabimmo.eu\/fr\/properties\/apartment-fr\/bruxelles\/appartement-a-vendre-schaerbeek-7597915\/","title":{"rendered":"Appartement option v &#8211; Schaerbeek (7597915)"},"content":{"rendered":"<p>D\u00e9couvrez ce bel appartement situ\u00e9 au 4\u1d49 \u00e9tage d&#8217;une copropri\u00e9t\u00e9 bien entretenue, offrant luminosit\u00e9 et confort dans un cadre agr\u00e9able. Il se compose d\u2019un hall d\u2019entr\u00e9e accueillant, d\u2019une cuisine \u00e9quip\u00e9e de \u00b18 m\u00b2 donnant acc\u00e8s \u00e0 une petite terrasse, et d\u2019un s\u00e9jour spacieux de \u00b130 m\u00b2, parfait pour se d\u00e9tendre ou recevoir.<\/p>\n<p>Le hall de nuit dessert trois chambres confortables (\u00b114 m\u00b2, \u00b113 m\u00b2 et \u00b112 m\u00b2), une salle de douche et un WC s\u00e9par\u00e9.<\/p>\n<p>Une cave de \u00b14 m\u00b2 est \u00e9galement incluse, offrant un espace de rangement pratique.<\/p>\n<p>Situ\u00e9 sur le Boulevard L\u00e9opold III \u00e0 Schaerbeek, l\u2019appartement b\u00e9n\u00e9ficie d\u2019un emplacement id\u00e9al : de nombreux commerces, restaurants et \u00e9coles se trouvent \u00e0 proximit\u00e9, et les grands axes et transports en commun sont facilement accessibles, facilitant vos d\u00e9placements dans Bruxelles et ses environs.<\/p>\n<p>Cet appartement combine espace, luminosit\u00e9 et fonctionnalit\u00e9, dans un quartier vivant mais calme. Id\u00e9al pour une famille ou des professionnels recherchant un logement confortable, pratique et pr\u00eat \u00e0 emm\u00e9nager.<\/p>\n<p>PEB :<br \/>Electricit\u00e9 conforme.<\/p>\n<p>Informations fournies \u00e0 titre indicatif et non contractuelles. Les propri\u00e9taires se r\u00e9servent le droit d\u2019accepter ou de refuser toute offre re\u00e7ue. Documents (PEB, contr\u00f4le \u00e9lectrique) disponibles sur demande. <\/p>\n<p>Visites et informations 7j\/7 par mail ou par t\u00e9l\u00e9phone : sabine@sabimmo.eu &#8211; +32 476 42 90 22<\/p>\n","protected":false},"excerpt":{"rendered":"<p>D\u00e9couvrez ce bel appartement situ\u00e9 au 4\u1d49 \u00e9tage d&#8217;une copropri\u00e9t\u00e9 bien entretenue, offrant luminosit\u00e9 et confort dans un cadre agr\u00e9able. Il se compose d\u2019un hall d\u2019entr\u00e9e accueillant, d\u2019une cuisine \u00e9quip\u00e9e de \u00b18 m\u00b2 donnant acc\u00e8s \u00e0 une petite terrasse, et d\u2019un s\u00e9jour spacieux de \u00b130 m\u00b2, parfait pour se d\u00e9tendre ou recevoir. Le hall de [&hellip;]<\/p>\n","protected":false},"author":13,"featured_media":52575,"template":"","class_list":["post-52572","estate","type-estate","status-publish","has-post-thumbnail","hentry","property-type-apartment-fr","offer-type-opt-v-fr","city-bruxelles","zip-code-1148","features-alarm","features-elevator","features-cellars"],"acf":[],"yoast_head":"<!-- This site is optimized with the Yoast SEO plugin v27.5 - https:\/\/yoast.com\/product\/yoast-seo-wordpress\/ -->\n<title>Appartement option v - Schaerbeek (7597915) - Sabimmo<\/title>\n<meta name=\"robots\" content=\"index, follow, max-snippet:-1, max-image-preview:large, max-video-preview:-1\" \/>\n<link rel=\"canonical\" href=\"https:\/\/www.sabimmo.eu\/\/fr\/wp-json\/wp\/v2\/estate\/52572\" \/>\n<meta property=\"og:locale\" content=\"fr_FR\" \/>\n<meta property=\"og:type\" content=\"article\" \/>\n<meta property=\"og:title\" content=\"Appartement option v - Schaerbeek (7597915) - Sabimmo\" \/>\n<meta property=\"og:description\" content=\"D\u00e9couvrez ce bel appartement situ\u00e9 au 4\u1d49 \u00e9tage d&#8217;une copropri\u00e9t\u00e9 bien entretenue, offrant luminosit\u00e9 et confort dans un cadre agr\u00e9able. Il se compose d\u2019un hall d\u2019entr\u00e9e accueillant, d\u2019une cuisine \u00e9quip\u00e9e de \u00b18 m\u00b2 donnant acc\u00e8s \u00e0 une petite terrasse, et d\u2019un s\u00e9jour spacieux de \u00b130 m\u00b2, parfait pour se d\u00e9tendre ou recevoir. Le hall de [&hellip;]\" \/>\n<meta property=\"og:url\" content=\"https:\/\/www.sabimmo.eu\/fr\/properties\/apartment-fr\/bruxelles\/appartement-a-vendre-schaerbeek-7597915\/\" \/>\n<meta property=\"og:site_name\" content=\"Sabimmo\" \/>\n<meta property=\"article:modified_time\" content=\"2026-05-03T08:39:49+00:00\" \/>\n<meta property=\"og:image\" content=\"https:\/\/www.sabimmo.eu\/wp-content\/uploads\/2026\/03\/b2f336f001d14df38fcb8a10b737f91e-scaled.jpg\" \/>\n\t<meta property=\"og:image:width\" content=\"1200\" \/>\n\t<meta property=\"og:image:height\" content=\"800\" \/>\n\t<meta property=\"og:image:type\" content=\"image\/jpeg\" \/>\n<meta name=\"twitter:card\" content=\"summary_large_image\" \/>\n<meta name=\"twitter:label1\" content=\"Dur\u00e9e de lecture estim\u00e9e\" \/>\n\t<meta name=\"twitter:data1\" content=\"1 minute\" \/>\n<script type=\"application\/ld+json\" class=\"yoast-schema-graph\">{\"@context\":\"https:\\\/\\\/schema.org\",\"@graph\":[{\"@type\":\"WebPage\",\"@id\":\"https:\\\/\\\/www.sabimmo.eu\\\/fr\\\/properties\\\/apartment-fr\\\/bruxelles\\\/appartement-a-vendre-schaerbeek-7597915\\\/\",\"url\":\"https:\\\/\\\/www.sabimmo.eu\\\/fr\\\/properties\\\/apartment-fr\\\/bruxelles\\\/appartement-a-vendre-schaerbeek-7597915\\\/\",\"name\":\"Appartement option v - Schaerbeek (7597915) - Sabimmo\",\"isPartOf\":{\"@id\":\"https:\\\/\\\/www.sabimmo.eu\\\/fr\\\/#website\"},\"primaryImageOfPage\":{\"@id\":\"https:\\\/\\\/www.sabimmo.eu\\\/fr\\\/properties\\\/apartment-fr\\\/bruxelles\\\/appartement-a-vendre-schaerbeek-7597915\\\/#primaryimage\"},\"image\":{\"@id\":\"https:\\\/\\\/www.sabimmo.eu\\\/fr\\\/properties\\\/apartment-fr\\\/bruxelles\\\/appartement-a-vendre-schaerbeek-7597915\\\/#primaryimage\"},\"thumbnailUrl\":\"https:\\\/\\\/www.sabimmo.eu\\\/wp-content\\\/uploads\\\/2026\\\/03\\\/b2f336f001d14df38fcb8a10b737f91e-scaled.jpg\",\"datePublished\":\"2026-03-06T00:00:00+00:00\",\"dateModified\":\"2026-05-03T08:39:49+00:00\",\"breadcrumb\":{\"@id\":\"https:\\\/\\\/www.sabimmo.eu\\\/fr\\\/properties\\\/apartment-fr\\\/bruxelles\\\/appartement-a-vendre-schaerbeek-7597915\\\/#breadcrumb\"},\"inLanguage\":\"fr-FR\",\"potentialAction\":[{\"@type\":\"ReadAction\",\"target\":[\"https:\\\/\\\/www.sabimmo.eu\\\/fr\\\/properties\\\/apartment-fr\\\/bruxelles\\\/appartement-a-vendre-schaerbeek-7597915\\\/\"]}]},{\"@type\":\"ImageObject\",\"inLanguage\":\"fr-FR\",\"@id\":\"https:\\\/\\\/www.sabimmo.eu\\\/fr\\\/properties\\\/apartment-fr\\\/bruxelles\\\/appartement-a-vendre-schaerbeek-7597915\\\/#primaryimage\",\"url\":\"https:\\\/\\\/www.sabimmo.eu\\\/wp-content\\\/uploads\\\/2026\\\/03\\\/b2f336f001d14df38fcb8a10b737f91e-scaled.jpg\",\"contentUrl\":\"https:\\\/\\\/www.sabimmo.eu\\\/wp-content\\\/uploads\\\/2026\\\/03\\\/b2f336f001d14df38fcb8a10b737f91e-scaled.jpg\",\"width\":1200,\"height\":800},{\"@type\":\"BreadcrumbList\",\"@id\":\"https:\\\/\\\/www.sabimmo.eu\\\/fr\\\/properties\\\/apartment-fr\\\/bruxelles\\\/appartement-a-vendre-schaerbeek-7597915\\\/#breadcrumb\",\"itemListElement\":[{\"@type\":\"ListItem\",\"position\":1,\"name\":\"Accueil\",\"item\":\"https:\\\/\\\/www.sabimmo.eu\\\/fr\\\/\"},{\"@type\":\"ListItem\",\"position\":2,\"name\":\"Propri\u00e9t\u00e9s\",\"item\":\"https:\\\/\\\/www.sabimmo.eu\\\/fr\\\/properties\\\/\"},{\"@type\":\"ListItem\",\"position\":3,\"name\":\"Appartement option v &#8211; Schaerbeek (7597915)\"}]},{\"@type\":\"WebSite\",\"@id\":\"https:\\\/\\\/www.sabimmo.eu\\\/fr\\\/#website\",\"url\":\"https:\\\/\\\/www.sabimmo.eu\\\/fr\\\/\",\"name\":\"Sabimmo\",\"description\":\"Expertises, ventes, locations, gestion et conseils immobiliers\",\"alternateName\":\"Sabimmo\",\"potentialAction\":[{\"@type\":\"SearchAction\",\"target\":{\"@type\":\"EntryPoint\",\"urlTemplate\":\"https:\\\/\\\/www.sabimmo.eu\\\/fr\\\/?s={search_term_string}\"},\"query-input\":{\"@type\":\"PropertyValueSpecification\",\"valueRequired\":true,\"valueName\":\"search_term_string\"}}],\"inLanguage\":\"fr-FR\"}]}<\/script>\n<!-- \/ Yoast SEO plugin. -->","yoast_head_json":{"title":"Appartement option v - Schaerbeek (7597915) - Sabimmo","robots":{"index":"index","follow":"follow","max-snippet":"max-snippet:-1","max-image-preview":"max-image-preview:large","max-video-preview":"max-video-preview:-1"},"canonical":"https:\/\/www.sabimmo.eu\/\/fr\/wp-json\/wp\/v2\/estate\/52572","og_locale":"fr_FR","og_type":"article","og_title":"Appartement option v - Schaerbeek (7597915) - Sabimmo","og_description":"D\u00e9couvrez ce bel appartement situ\u00e9 au 4\u1d49 \u00e9tage d&#8217;une copropri\u00e9t\u00e9 bien entretenue, offrant luminosit\u00e9 et confort dans un cadre agr\u00e9able. Il se compose d\u2019un hall d\u2019entr\u00e9e accueillant, d\u2019une cuisine \u00e9quip\u00e9e de \u00b18 m\u00b2 donnant acc\u00e8s \u00e0 une petite terrasse, et d\u2019un s\u00e9jour spacieux de \u00b130 m\u00b2, parfait pour se d\u00e9tendre ou recevoir. Le hall de [&hellip;]","og_url":"https:\/\/www.sabimmo.eu\/fr\/properties\/apartment-fr\/bruxelles\/appartement-a-vendre-schaerbeek-7597915\/","og_site_name":"Sabimmo","article_modified_time":"2026-05-03T08:39:49+00:00","og_image":[{"width":1200,"height":800,"url":"https:\/\/www.sabimmo.eu\/wp-content\/uploads\/2026\/03\/b2f336f001d14df38fcb8a10b737f91e-scaled.jpg","type":"image\/jpeg"}],"twitter_card":"summary_large_image","twitter_misc":{"Dur\u00e9e de lecture estim\u00e9e":"1 minute"},"schema":{"@context":"https:\/\/schema.org","@graph":[{"@type":"WebPage","@id":"https:\/\/www.sabimmo.eu\/fr\/properties\/apartment-fr\/bruxelles\/appartement-a-vendre-schaerbeek-7597915\/","url":"https:\/\/www.sabimmo.eu\/fr\/properties\/apartment-fr\/bruxelles\/appartement-a-vendre-schaerbeek-7597915\/","name":"Appartement option v - Schaerbeek (7597915) - Sabimmo","isPartOf":{"@id":"https:\/\/www.sabimmo.eu\/fr\/#website"},"primaryImageOfPage":{"@id":"https:\/\/www.sabimmo.eu\/fr\/properties\/apartment-fr\/bruxelles\/appartement-a-vendre-schaerbeek-7597915\/#primaryimage"},"image":{"@id":"https:\/\/www.sabimmo.eu\/fr\/properties\/apartment-fr\/bruxelles\/appartement-a-vendre-schaerbeek-7597915\/#primaryimage"},"thumbnailUrl":"https:\/\/www.sabimmo.eu\/wp-content\/uploads\/2026\/03\/b2f336f001d14df38fcb8a10b737f91e-scaled.jpg","datePublished":"2026-03-06T00:00:00+00:00","dateModified":"2026-05-03T08:39:49+00:00","breadcrumb":{"@id":"https:\/\/www.sabimmo.eu\/fr\/properties\/apartment-fr\/bruxelles\/appartement-a-vendre-schaerbeek-7597915\/#breadcrumb"},"inLanguage":"fr-FR","potentialAction":[{"@type":"ReadAction","target":["https:\/\/www.sabimmo.eu\/fr\/properties\/apartment-fr\/bruxelles\/appartement-a-vendre-schaerbeek-7597915\/"]}]},{"@type":"ImageObject","inLanguage":"fr-FR","@id":"https:\/\/www.sabimmo.eu\/fr\/properties\/apartment-fr\/bruxelles\/appartement-a-vendre-schaerbeek-7597915\/#primaryimage","url":"https:\/\/www.sabimmo.eu\/wp-content\/uploads\/2026\/03\/b2f336f001d14df38fcb8a10b737f91e-scaled.jpg","contentUrl":"https:\/\/www.sabimmo.eu\/wp-content\/uploads\/2026\/03\/b2f336f001d14df38fcb8a10b737f91e-scaled.jpg","width":1200,"height":800},{"@type":"BreadcrumbList","@id":"https:\/\/www.sabimmo.eu\/fr\/properties\/apartment-fr\/bruxelles\/appartement-a-vendre-schaerbeek-7597915\/#breadcrumb","itemListElement":[{"@type":"ListItem","position":1,"name":"Accueil","item":"https:\/\/www.sabimmo.eu\/fr\/"},{"@type":"ListItem","position":2,"name":"Propri\u00e9t\u00e9s","item":"https:\/\/www.sabimmo.eu\/fr\/properties\/"},{"@type":"ListItem","position":3,"name":"Appartement option v &#8211; Schaerbeek (7597915)"}]},{"@type":"WebSite","@id":"https:\/\/www.sabimmo.eu\/fr\/#website","url":"https:\/\/www.sabimmo.eu\/fr\/","name":"Sabimmo","description":"Expertises, ventes, locations, gestion et conseils immobiliers","alternateName":"Sabimmo","potentialAction":[{"@type":"SearchAction","target":{"@type":"EntryPoint","urlTemplate":"https:\/\/www.sabimmo.eu\/fr\/?s={search_term_string}"},"query-input":{"@type":"PropertyValueSpecification","valueRequired":true,"valueName":"search_term_string"}}],"inLanguage":"fr-FR"}]}},"_links":{"self":[{"href":"https:\/\/www.sabimmo.eu\/fr\/wp-json\/wp\/v2\/estate\/52572","targetHints":{"allow":["GET"]}}],"collection":[{"href":"https:\/\/www.sabimmo.eu\/fr\/wp-json\/wp\/v2\/estate"}],"about":[{"href":"https:\/\/www.sabimmo.eu\/fr\/wp-json\/wp\/v2\/types\/estate"}],"author":[{"embeddable":true,"href":"https:\/\/www.sabimmo.eu\/fr\/wp-json\/wp\/v2\/users\/13"}],"wp:featuredmedia":[{"embeddable":true,"href":"https:\/\/www.sabimmo.eu\/fr\/wp-json\/wp\/v2\/media\/52575"}],"wp:attachment":[{"href":"https:\/\/www.sabimmo.eu\/fr\/wp-json\/wp\/v2\/media?parent=52572"}],"curies":[{"name":"wp","href":"https:\/\/api.w.org\/{rel}","templated":true}]}}

<p>Découvrez ce bel appartement situé au 4ᵉ étage d&#8217;une copropriété bien entretenue, offrant luminosité et confort dans un cadre agréable. Il se compose d’un hall d’entrée accueillant, d’une cuisine équipée de ±8 m² donnant accès à une petite terrasse, et d’un séjour spacieux de ±30 m², parfait pour se détendre ou recevoir.</p>
<p>Le hall de nuit dessert trois chambres confortables (±14 m², ±13 m² et ±12 m²), une salle de douche et un WC séparé.</p>
<p>Une cave de ±4 m² est également incluse, offrant un espace de rangement pratique.</p>
<p>Situé sur le Boulevard Léopold III à Schaerbeek, l’appartement bénéficie d’un emplacement idéal : de nombreux commerces, restaurants et écoles se trouvent à proximité, et les grands axes et transports en commun sont facilement accessibles, facilitant vos déplacements dans Bruxelles et ses environs.</p>
<p>Cet appartement combine espace, luminosité et fonctionnalité, dans un quartier vivant mais calme. Idéal pour une famille ou des professionnels recherchant un logement confortable, pratique et prêt à emménager.</p>
<p>PEB :<br />Electricité conforme.</p>
<p>Informations fournies à titre indicatif et non contractuelles. Les propriétaires se réservent le droit d’accepter ou de refuser toute offre reçue. Documents (PEB, contrôle électrique) disponibles sur demande. </p>
<p>Visites et informations 7j/7 par mail ou par téléphone : sabine@sabimmo.eu &#8211; +32 476 42 90 22</p>

<p>Découvrez ce bel appartement situé au 4ᵉ étage d&#8217;une copropriété bien entretenue, offrant luminosité et confort dans un cadre agréable. Il se compose d’un hall d’entrée accueillant, d’une cuisine équipée de ±8 m² donnant accès à une petite terrasse, et d’un séjour spacieux de ±30 m², parfait pour se détendre ou recevoir. Le hall de [&hellip;]</p>

<!-- This site is optimized with the Yoast SEO plugin v27.5 - https://yoast.com/product/yoast-seo-wordpress/ -->
<title>Appartement option v - Schaerbeek (7597915) - Sabimmo</title>
<meta name="robots" content="index, follow, max-snippet:-1, max-image-preview:large, max-video-preview:-1" />
<link rel="canonical" href="https://www.sabimmo.eu//fr/wp-json/wp/v2/estate/52572" />
<meta property="og:locale" content="fr_FR" />
<meta property="og:type" content="article" />
<meta property="og:title" content="Appartement option v - Schaerbeek (7597915) - Sabimmo" />
<meta property="og:description" content="Découvrez ce bel appartement situé au 4ᵉ étage d&#8217;une copropriété bien entretenue, offrant luminosité et confort dans un cadre agréable. Il se compose d’un hall d’entrée accueillant, d’une cuisine équipée de ±8 m² donnant accès à une petite terrasse, et d’un séjour spacieux de ±30 m², parfait pour se détendre ou recevoir. Le hall de [&hellip;]" />
<meta property="og:url" content="https://www.sabimmo.eu/fr/properties/apartment-fr/bruxelles/appartement-a-vendre-schaerbeek-7597915/" />
<meta property="og:site_name" content="Sabimmo" />
<meta property="article:modified_time" content="2026-05-03T08:39:49+00:00" />
<meta property="og:image" content="https://www.sabimmo.eu/wp-content/uploads/2026/03/b2f336f001d14df38fcb8a10b737f91e-scaled.jpg" />
	<meta property="og:image:width" content="1200" />
	<meta property="og:image:height" content="800" />
	<meta property="og:image:type" content="image/jpeg" />
<meta name="twitter:card" content="summary_large_image" />
<meta name="twitter:label1" content="Durée de lecture estimée" />
	<meta name="twitter:data1" content="1 minute" />
<script type="application/ld+json" class="yoast-schema-graph">{"@context":"https:\/\/schema.org","@graph":[{"@type":"WebPage","@id":"https:\/\/www.sabimmo.eu\/fr\/properties\/apartment-fr\/bruxelles\/appartement-a-vendre-schaerbeek-7597915\/","url":"https:\/\/www.sabimmo.eu\/fr\/properties\/apartment-fr\/bruxelles\/appartement-a-vendre-schaerbeek-7597915\/","name":"Appartement option v - Schaerbeek (7597915) - Sabimmo","isPartOf":{"@id":"https:\/\/www.sabimmo.eu\/fr\/#website"},"primaryImageOfPage":{"@id":"https:\/\/www.sabimmo.eu\/fr\/properties\/apartment-fr\/bruxelles\/appartement-a-vendre-schaerbeek-7597915\/#primaryimage"},"image":{"@id":"https:\/\/www.sabimmo.eu\/fr\/properties\/apartment-fr\/bruxelles\/appartement-a-vendre-schaerbeek-7597915\/#primaryimage"},"thumbnailUrl":"https:\/\/www.sabimmo.eu\/wp-content\/uploads\/2026\/03\/b2f336f001d14df38fcb8a10b737f91e-scaled.jpg","datePublished":"2026-03-06T00:00:00+00:00","dateModified":"2026-05-03T08:39:49+00:00","breadcrumb":{"@id":"https:\/\/www.sabimmo.eu\/fr\/properties\/apartment-fr\/bruxelles\/appartement-a-vendre-schaerbeek-7597915\/#breadcrumb"},"inLanguage":"fr-FR","potentialAction":[{"@type":"ReadAction","target":["https:\/\/www.sabimmo.eu\/fr\/properties\/apartment-fr\/bruxelles\/appartement-a-vendre-schaerbeek-7597915\/"]}]},{"@type":"ImageObject","inLanguage":"fr-FR","@id":"https:\/\/www.sabimmo.eu\/fr\/properties\/apartment-fr\/bruxelles\/appartement-a-vendre-schaerbeek-7597915\/#primaryimage","url":"https:\/\/www.sabimmo.eu\/wp-content\/uploads\/2026\/03\/b2f336f001d14df38fcb8a10b737f91e-scaled.jpg","contentUrl":"https:\/\/www.sabimmo.eu\/wp-content\/uploads\/2026\/03\/b2f336f001d14df38fcb8a10b737f91e-scaled.jpg","width":1200,"height":800},{"@type":"BreadcrumbList","@id":"https:\/\/www.sabimmo.eu\/fr\/properties\/apartment-fr\/bruxelles\/appartement-a-vendre-schaerbeek-7597915\/#breadcrumb","itemListElement":[{"@type":"ListItem","position":1,"name":"Accueil","item":"https:\/\/www.sabimmo.eu\/fr\/"},{"@type":"ListItem","position":2,"name":"Propriétés","item":"https:\/\/www.sabimmo.eu\/fr\/properties\/"},{"@type":"ListItem","position":3,"name":"Appartement option v &#8211; Schaerbeek (7597915)"}]},{"@type":"WebSite","@id":"https:\/\/www.sabimmo.eu\/fr\/#website","url":"https:\/\/www.sabimmo.eu\/fr\/","name":"Sabimmo","description":"Expertises, ventes, locations, gestion et conseils immobiliers","alternateName":"Sabimmo","potentialAction":[{"@type":"SearchAction","target":{"@type":"EntryPoint","urlTemplate":"https:\/\/www.sabimmo.eu\/fr\/?s={search_term_string}"},"query-input":{"@type":"PropertyValueSpecification","valueRequired":true,"valueName":"search_term_string"}}],"inLanguage":"fr-FR"}]}</script>
<!-- / Yoast SEO plugin. -->

Découvrez ce bel appartement situé au 4ᵉ étage d&#8217;une copropriété bien entretenue, offrant luminosité et confort dans un cadre agréable. Il se compose d’un hall d’entrée accueillant, d’une cuisine équipée de ±8 m² donnant accès à une petite terrasse, et d’un séjour spacieux de ±30 m², parfait pour se détendre ou recevoir. Le hall de [&hellip;]

Propriétés
