{"id":44482,"date":"2025-06-02T00:00:00","date_gmt":"2025-06-02T00:00:00","guid":{"rendered":"http:\/\/www.sabimmo.eu\/?post_type=estate&#038;p=44482"},"modified":"2026-04-30T01:03:05","modified_gmt":"2026-04-29T23:03:05","slug":"appartement-a-louer-nardo-6819339","status":"publish","type":"estate","link":"https:\/\/www.sabimmo.eu\/fr\/properties\/apartment-fr\/bruxelles\/appartement-a-louer-nardo-6819339\/","title":{"rendered":"Appartement \u00e0 louer &#8211; Nard\u00f2 (6819339)"},"content":{"rendered":"<p>\u00c0 louer pour les vacances, charmant appartement de 2 chambres situ\u00e9 en plein c\u0153ur du centre historique de Nard\u00f2, dans la magnifique r\u00e9gion des Pouilles, au sud de l\u2019Italie. Enti\u00e8rement meubl\u00e9 et \u00e9quip\u00e9 pour vous accueillir, ce logement offre tout le confort n\u00e9cessaire : <\/p>\n<p>&#8211; Deux chambres confortables<br \/>&#8211; Une salle de douche <br \/>&#8211; Une cuisine \u00e9quip\u00e9e<br \/>&#8211; Salon\/Salle \u00e0 manger<br \/>&#8211; Climatisation <br \/>&#8211; Wi-Fi <\/p>\n<p>L\u2019appartement dispose \u00e9galement d\u2019un balcon donnant sur les ruelles typiques de la vieille ville, ainsi qu\u2019une grande terrasse sur le toit offrant une vue imprenable, parfaite pour vos repas en plein air ou vos moments de d\u00e9tente sous le soleil. \u00c0 proximit\u00e9 imm\u00e9diate des restaurants, des monuments baroques et de l\u2019animation locale, et \u00e0 quelques minutes en voiture des plages de la c\u00f4te ionienne. <\/p>\n<p>Il peut accueillir jusqu\u2019\u00e0 4 personnes et est disponible \u00e0 la location \u00e0 la semaine. <\/p>\n<p>Tarifs variables selon la p\u00e9riode de l\u2019ann\u00e9e.<\/p>\n<p>Pour plus d\u2019informations ou pour r\u00e9server, n\u2019h\u00e9sitez pas \u00e0 nous contacter par mail ou au +32 471 37 21 23<\/p>\n<p>CIS : LE07505291000066107<br \/>CIN : IT075052C200110818<\/p>\n","protected":false},"excerpt":{"rendered":"<p>\u00c0 louer pour les vacances, charmant appartement de 2 chambres situ\u00e9 en plein c\u0153ur du centre historique de Nard\u00f2, dans la magnifique r\u00e9gion des Pouilles, au sud de l\u2019Italie. Enti\u00e8rement meubl\u00e9 et \u00e9quip\u00e9 pour vous accueillir, ce logement offre tout le confort n\u00e9cessaire : &#8211; Deux chambres confortables&#8211; Une salle de douche &#8211; Une cuisine [&hellip;]<\/p>\n","protected":false},"author":13,"featured_media":44485,"template":"","class_list":["post-44482","estate","type-estate","status-publish","has-post-thumbnail","hentry","property-type-apartment-fr","offer-type-rent-fr","city-bruxelles","zip-code-1196"],"acf":[],"yoast_head":"<!-- This site is optimized with the Yoast SEO plugin v27.5 - https:\/\/yoast.com\/product\/yoast-seo-wordpress\/ -->\n<title>Appartement \u00e0 louer - Nard\u00f2 (6819339) - Sabimmo<\/title>\n<meta name=\"robots\" content=\"index, follow, max-snippet:-1, max-image-preview:large, max-video-preview:-1\" \/>\n<link rel=\"canonical\" href=\"https:\/\/www.sabimmo.eu\/\/fr\/wp-json\/wp\/v2\/estate\/44482\" \/>\n<meta property=\"og:locale\" content=\"fr_FR\" \/>\n<meta property=\"og:type\" content=\"article\" \/>\n<meta property=\"og:title\" content=\"Appartement \u00e0 louer - Nard\u00f2 (6819339) - Sabimmo\" \/>\n<meta property=\"og:description\" content=\"\u00c0 louer pour les vacances, charmant appartement de 2 chambres situ\u00e9 en plein c\u0153ur du centre historique de Nard\u00f2, dans la magnifique r\u00e9gion des Pouilles, au sud de l\u2019Italie. Enti\u00e8rement meubl\u00e9 et \u00e9quip\u00e9 pour vous accueillir, ce logement offre tout le confort n\u00e9cessaire : &#8211; Deux chambres confortables&#8211; Une salle de douche &#8211; Une cuisine [&hellip;]\" \/>\n<meta property=\"og:url\" content=\"https:\/\/www.sabimmo.eu\/fr\/properties\/apartment-fr\/bruxelles\/appartement-a-louer-nardo-6819339\/\" \/>\n<meta property=\"og:site_name\" content=\"Sabimmo\" \/>\n<meta property=\"article:modified_time\" content=\"2026-04-29T23:03:05+00:00\" \/>\n<meta property=\"og:image\" content=\"https:\/\/www.sabimmo.eu\/wp-content\/uploads\/2025\/06\/ca29460429ed41b499b3b4ed2271d75a.jpg\" \/>\n\t<meta property=\"og:image:width\" content=\"900\" \/>\n\t<meta property=\"og:image:height\" content=\"1200\" \/>\n\t<meta property=\"og:image:type\" content=\"image\/jpeg\" \/>\n<meta name=\"twitter:card\" content=\"summary_large_image\" \/>\n<meta name=\"twitter:label1\" content=\"Dur\u00e9e de lecture estim\u00e9e\" \/>\n\t<meta name=\"twitter:data1\" content=\"1 minute\" \/>\n<script type=\"application\/ld+json\" class=\"yoast-schema-graph\">{\"@context\":\"https:\\\/\\\/schema.org\",\"@graph\":[{\"@type\":\"WebPage\",\"@id\":\"https:\\\/\\\/www.sabimmo.eu\\\/fr\\\/properties\\\/apartment-fr\\\/bruxelles\\\/appartement-a-louer-nardo-6819339\\\/\",\"url\":\"https:\\\/\\\/www.sabimmo.eu\\\/fr\\\/properties\\\/apartment-fr\\\/bruxelles\\\/appartement-a-louer-nardo-6819339\\\/\",\"name\":\"Appartement \u00e0 louer - Nard\u00f2 (6819339) - Sabimmo\",\"isPartOf\":{\"@id\":\"https:\\\/\\\/www.sabimmo.eu\\\/fr\\\/#website\"},\"primaryImageOfPage\":{\"@id\":\"https:\\\/\\\/www.sabimmo.eu\\\/fr\\\/properties\\\/apartment-fr\\\/bruxelles\\\/appartement-a-louer-nardo-6819339\\\/#primaryimage\"},\"image\":{\"@id\":\"https:\\\/\\\/www.sabimmo.eu\\\/fr\\\/properties\\\/apartment-fr\\\/bruxelles\\\/appartement-a-louer-nardo-6819339\\\/#primaryimage\"},\"thumbnailUrl\":\"https:\\\/\\\/www.sabimmo.eu\\\/wp-content\\\/uploads\\\/2025\\\/06\\\/ca29460429ed41b499b3b4ed2271d75a.jpg\",\"datePublished\":\"2025-06-02T00:00:00+00:00\",\"dateModified\":\"2026-04-29T23:03:05+00:00\",\"breadcrumb\":{\"@id\":\"https:\\\/\\\/www.sabimmo.eu\\\/fr\\\/properties\\\/apartment-fr\\\/bruxelles\\\/appartement-a-louer-nardo-6819339\\\/#breadcrumb\"},\"inLanguage\":\"fr-FR\",\"potentialAction\":[{\"@type\":\"ReadAction\",\"target\":[\"https:\\\/\\\/www.sabimmo.eu\\\/fr\\\/properties\\\/apartment-fr\\\/bruxelles\\\/appartement-a-louer-nardo-6819339\\\/\"]}]},{\"@type\":\"ImageObject\",\"inLanguage\":\"fr-FR\",\"@id\":\"https:\\\/\\\/www.sabimmo.eu\\\/fr\\\/properties\\\/apartment-fr\\\/bruxelles\\\/appartement-a-louer-nardo-6819339\\\/#primaryimage\",\"url\":\"https:\\\/\\\/www.sabimmo.eu\\\/wp-content\\\/uploads\\\/2025\\\/06\\\/ca29460429ed41b499b3b4ed2271d75a.jpg\",\"contentUrl\":\"https:\\\/\\\/www.sabimmo.eu\\\/wp-content\\\/uploads\\\/2025\\\/06\\\/ca29460429ed41b499b3b4ed2271d75a.jpg\",\"width\":900,\"height\":1200},{\"@type\":\"BreadcrumbList\",\"@id\":\"https:\\\/\\\/www.sabimmo.eu\\\/fr\\\/properties\\\/apartment-fr\\\/bruxelles\\\/appartement-a-louer-nardo-6819339\\\/#breadcrumb\",\"itemListElement\":[{\"@type\":\"ListItem\",\"position\":1,\"name\":\"Accueil\",\"item\":\"https:\\\/\\\/www.sabimmo.eu\\\/fr\\\/\"},{\"@type\":\"ListItem\",\"position\":2,\"name\":\"Propri\u00e9t\u00e9s\",\"item\":\"https:\\\/\\\/www.sabimmo.eu\\\/fr\\\/properties\\\/\"},{\"@type\":\"ListItem\",\"position\":3,\"name\":\"Appartement \u00e0 louer &#8211; Nard\u00f2 (6819339)\"}]},{\"@type\":\"WebSite\",\"@id\":\"https:\\\/\\\/www.sabimmo.eu\\\/fr\\\/#website\",\"url\":\"https:\\\/\\\/www.sabimmo.eu\\\/fr\\\/\",\"name\":\"Sabimmo\",\"description\":\"Expertises, ventes, locations, gestion et conseils immobiliers\",\"alternateName\":\"Sabimmo\",\"potentialAction\":[{\"@type\":\"SearchAction\",\"target\":{\"@type\":\"EntryPoint\",\"urlTemplate\":\"https:\\\/\\\/www.sabimmo.eu\\\/fr\\\/?s={search_term_string}\"},\"query-input\":{\"@type\":\"PropertyValueSpecification\",\"valueRequired\":true,\"valueName\":\"search_term_string\"}}],\"inLanguage\":\"fr-FR\"}]}<\/script>\n<!-- \/ Yoast SEO plugin. -->","yoast_head_json":{"title":"Appartement \u00e0 louer - Nard\u00f2 (6819339) - Sabimmo","robots":{"index":"index","follow":"follow","max-snippet":"max-snippet:-1","max-image-preview":"max-image-preview:large","max-video-preview":"max-video-preview:-1"},"canonical":"https:\/\/www.sabimmo.eu\/\/fr\/wp-json\/wp\/v2\/estate\/44482","og_locale":"fr_FR","og_type":"article","og_title":"Appartement \u00e0 louer - Nard\u00f2 (6819339) - Sabimmo","og_description":"\u00c0 louer pour les vacances, charmant appartement de 2 chambres situ\u00e9 en plein c\u0153ur du centre historique de Nard\u00f2, dans la magnifique r\u00e9gion des Pouilles, au sud de l\u2019Italie. Enti\u00e8rement meubl\u00e9 et \u00e9quip\u00e9 pour vous accueillir, ce logement offre tout le confort n\u00e9cessaire : &#8211; Deux chambres confortables&#8211; Une salle de douche &#8211; Une cuisine [&hellip;]","og_url":"https:\/\/www.sabimmo.eu\/fr\/properties\/apartment-fr\/bruxelles\/appartement-a-louer-nardo-6819339\/","og_site_name":"Sabimmo","article_modified_time":"2026-04-29T23:03:05+00:00","og_image":[{"width":900,"height":1200,"url":"https:\/\/www.sabimmo.eu\/wp-content\/uploads\/2025\/06\/ca29460429ed41b499b3b4ed2271d75a.jpg","type":"image\/jpeg"}],"twitter_card":"summary_large_image","twitter_misc":{"Dur\u00e9e de lecture estim\u00e9e":"1 minute"},"schema":{"@context":"https:\/\/schema.org","@graph":[{"@type":"WebPage","@id":"https:\/\/www.sabimmo.eu\/fr\/properties\/apartment-fr\/bruxelles\/appartement-a-louer-nardo-6819339\/","url":"https:\/\/www.sabimmo.eu\/fr\/properties\/apartment-fr\/bruxelles\/appartement-a-louer-nardo-6819339\/","name":"Appartement \u00e0 louer - Nard\u00f2 (6819339) - Sabimmo","isPartOf":{"@id":"https:\/\/www.sabimmo.eu\/fr\/#website"},"primaryImageOfPage":{"@id":"https:\/\/www.sabimmo.eu\/fr\/properties\/apartment-fr\/bruxelles\/appartement-a-louer-nardo-6819339\/#primaryimage"},"image":{"@id":"https:\/\/www.sabimmo.eu\/fr\/properties\/apartment-fr\/bruxelles\/appartement-a-louer-nardo-6819339\/#primaryimage"},"thumbnailUrl":"https:\/\/www.sabimmo.eu\/wp-content\/uploads\/2025\/06\/ca29460429ed41b499b3b4ed2271d75a.jpg","datePublished":"2025-06-02T00:00:00+00:00","dateModified":"2026-04-29T23:03:05+00:00","breadcrumb":{"@id":"https:\/\/www.sabimmo.eu\/fr\/properties\/apartment-fr\/bruxelles\/appartement-a-louer-nardo-6819339\/#breadcrumb"},"inLanguage":"fr-FR","potentialAction":[{"@type":"ReadAction","target":["https:\/\/www.sabimmo.eu\/fr\/properties\/apartment-fr\/bruxelles\/appartement-a-louer-nardo-6819339\/"]}]},{"@type":"ImageObject","inLanguage":"fr-FR","@id":"https:\/\/www.sabimmo.eu\/fr\/properties\/apartment-fr\/bruxelles\/appartement-a-louer-nardo-6819339\/#primaryimage","url":"https:\/\/www.sabimmo.eu\/wp-content\/uploads\/2025\/06\/ca29460429ed41b499b3b4ed2271d75a.jpg","contentUrl":"https:\/\/www.sabimmo.eu\/wp-content\/uploads\/2025\/06\/ca29460429ed41b499b3b4ed2271d75a.jpg","width":900,"height":1200},{"@type":"BreadcrumbList","@id":"https:\/\/www.sabimmo.eu\/fr\/properties\/apartment-fr\/bruxelles\/appartement-a-louer-nardo-6819339\/#breadcrumb","itemListElement":[{"@type":"ListItem","position":1,"name":"Accueil","item":"https:\/\/www.sabimmo.eu\/fr\/"},{"@type":"ListItem","position":2,"name":"Propri\u00e9t\u00e9s","item":"https:\/\/www.sabimmo.eu\/fr\/properties\/"},{"@type":"ListItem","position":3,"name":"Appartement \u00e0 louer &#8211; Nard\u00f2 (6819339)"}]},{"@type":"WebSite","@id":"https:\/\/www.sabimmo.eu\/fr\/#website","url":"https:\/\/www.sabimmo.eu\/fr\/","name":"Sabimmo","description":"Expertises, ventes, locations, gestion et conseils immobiliers","alternateName":"Sabimmo","potentialAction":[{"@type":"SearchAction","target":{"@type":"EntryPoint","urlTemplate":"https:\/\/www.sabimmo.eu\/fr\/?s={search_term_string}"},"query-input":{"@type":"PropertyValueSpecification","valueRequired":true,"valueName":"search_term_string"}}],"inLanguage":"fr-FR"}]}},"_links":{"self":[{"href":"https:\/\/www.sabimmo.eu\/fr\/wp-json\/wp\/v2\/estate\/44482","targetHints":{"allow":["GET"]}}],"collection":[{"href":"https:\/\/www.sabimmo.eu\/fr\/wp-json\/wp\/v2\/estate"}],"about":[{"href":"https:\/\/www.sabimmo.eu\/fr\/wp-json\/wp\/v2\/types\/estate"}],"author":[{"embeddable":true,"href":"https:\/\/www.sabimmo.eu\/fr\/wp-json\/wp\/v2\/users\/13"}],"wp:featuredmedia":[{"embeddable":true,"href":"https:\/\/www.sabimmo.eu\/fr\/wp-json\/wp\/v2\/media\/44485"}],"wp:attachment":[{"href":"https:\/\/www.sabimmo.eu\/fr\/wp-json\/wp\/v2\/media?parent=44482"}],"curies":[{"name":"wp","href":"https:\/\/api.w.org\/{rel}","templated":true}]}}

Appartement à louer &#8211; Nardò (6819339)

<p>À louer pour les vacances, charmant appartement de 2 chambres situé en plein cœur du centre historique de Nardò, dans la magnifique région des Pouilles, au sud de l’Italie. Entièrement meublé et équipé pour vous accueillir, ce logement offre tout le confort nécessaire : </p>
<p>&#8211; Deux chambres confortables<br />&#8211; Une salle de douche <br />&#8211; Une cuisine équipée<br />&#8211; Salon/Salle à manger<br />&#8211; Climatisation <br />&#8211; Wi-Fi </p>
<p>L’appartement dispose également d’un balcon donnant sur les ruelles typiques de la vieille ville, ainsi qu’une grande terrasse sur le toit offrant une vue imprenable, parfaite pour vos repas en plein air ou vos moments de détente sous le soleil. À proximité immédiate des restaurants, des monuments baroques et de l’animation locale, et à quelques minutes en voiture des plages de la côte ionienne. </p>
<p>Il peut accueillir jusqu’à 4 personnes et est disponible à la location à la semaine. </p>
<p>Tarifs variables selon la période de l’année.</p>
<p>Pour plus d’informations ou pour réserver, n’hésitez pas à nous contacter par mail ou au +32 471 37 21 23</p>
<p>CIS : LE07505291000066107<br />CIN : IT075052C200110818</p>

<p>À louer pour les vacances, charmant appartement de 2 chambres situé en plein cœur du centre historique de Nardò, dans la magnifique région des Pouilles, au sud de l’Italie. Entièrement meublé et équipé pour vous accueillir, ce logement offre tout le confort nécessaire : &#8211; Deux chambres confortables&#8211; Une salle de douche &#8211; Une cuisine [&hellip;]</p>

<!-- This site is optimized with the Yoast SEO plugin v27.5 - https://yoast.com/product/yoast-seo-wordpress/ -->
<title>Appartement à louer - Nardò (6819339) - Sabimmo</title>
<meta name="robots" content="index, follow, max-snippet:-1, max-image-preview:large, max-video-preview:-1" />
<link rel="canonical" href="https://www.sabimmo.eu//fr/wp-json/wp/v2/estate/44482" />
<meta property="og:locale" content="fr_FR" />
<meta property="og:type" content="article" />
<meta property="og:title" content="Appartement à louer - Nardò (6819339) - Sabimmo" />
<meta property="og:description" content="À louer pour les vacances, charmant appartement de 2 chambres situé en plein cœur du centre historique de Nardò, dans la magnifique région des Pouilles, au sud de l’Italie. Entièrement meublé et équipé pour vous accueillir, ce logement offre tout le confort nécessaire : &#8211; Deux chambres confortables&#8211; Une salle de douche &#8211; Une cuisine [&hellip;]" />
<meta property="og:url" content="https://www.sabimmo.eu/fr/properties/apartment-fr/bruxelles/appartement-a-louer-nardo-6819339/" />
<meta property="og:site_name" content="Sabimmo" />
<meta property="article:modified_time" content="2026-04-29T23:03:05+00:00" />
<meta property="og:image" content="https://www.sabimmo.eu/wp-content/uploads/2025/06/ca29460429ed41b499b3b4ed2271d75a.jpg" />
	<meta property="og:image:width" content="900" />
	<meta property="og:image:height" content="1200" />
	<meta property="og:image:type" content="image/jpeg" />
<meta name="twitter:card" content="summary_large_image" />
<meta name="twitter:label1" content="Durée de lecture estimée" />
	<meta name="twitter:data1" content="1 minute" />
<script type="application/ld+json" class="yoast-schema-graph">{"@context":"https:\/\/schema.org","@graph":[{"@type":"WebPage","@id":"https:\/\/www.sabimmo.eu\/fr\/properties\/apartment-fr\/bruxelles\/appartement-a-louer-nardo-6819339\/","url":"https:\/\/www.sabimmo.eu\/fr\/properties\/apartment-fr\/bruxelles\/appartement-a-louer-nardo-6819339\/","name":"Appartement à louer - Nardò (6819339) - Sabimmo","isPartOf":{"@id":"https:\/\/www.sabimmo.eu\/fr\/#website"},"primaryImageOfPage":{"@id":"https:\/\/www.sabimmo.eu\/fr\/properties\/apartment-fr\/bruxelles\/appartement-a-louer-nardo-6819339\/#primaryimage"},"image":{"@id":"https:\/\/www.sabimmo.eu\/fr\/properties\/apartment-fr\/bruxelles\/appartement-a-louer-nardo-6819339\/#primaryimage"},"thumbnailUrl":"https:\/\/www.sabimmo.eu\/wp-content\/uploads\/2025\/06\/ca29460429ed41b499b3b4ed2271d75a.jpg","datePublished":"2025-06-02T00:00:00+00:00","dateModified":"2026-04-29T23:03:05+00:00","breadcrumb":{"@id":"https:\/\/www.sabimmo.eu\/fr\/properties\/apartment-fr\/bruxelles\/appartement-a-louer-nardo-6819339\/#breadcrumb"},"inLanguage":"fr-FR","potentialAction":[{"@type":"ReadAction","target":["https:\/\/www.sabimmo.eu\/fr\/properties\/apartment-fr\/bruxelles\/appartement-a-louer-nardo-6819339\/"]}]},{"@type":"ImageObject","inLanguage":"fr-FR","@id":"https:\/\/www.sabimmo.eu\/fr\/properties\/apartment-fr\/bruxelles\/appartement-a-louer-nardo-6819339\/#primaryimage","url":"https:\/\/www.sabimmo.eu\/wp-content\/uploads\/2025\/06\/ca29460429ed41b499b3b4ed2271d75a.jpg","contentUrl":"https:\/\/www.sabimmo.eu\/wp-content\/uploads\/2025\/06\/ca29460429ed41b499b3b4ed2271d75a.jpg","width":900,"height":1200},{"@type":"BreadcrumbList","@id":"https:\/\/www.sabimmo.eu\/fr\/properties\/apartment-fr\/bruxelles\/appartement-a-louer-nardo-6819339\/#breadcrumb","itemListElement":[{"@type":"ListItem","position":1,"name":"Accueil","item":"https:\/\/www.sabimmo.eu\/fr\/"},{"@type":"ListItem","position":2,"name":"Propriétés","item":"https:\/\/www.sabimmo.eu\/fr\/properties\/"},{"@type":"ListItem","position":3,"name":"Appartement à louer &#8211; Nardò (6819339)"}]},{"@type":"WebSite","@id":"https:\/\/www.sabimmo.eu\/fr\/#website","url":"https:\/\/www.sabimmo.eu\/fr\/","name":"Sabimmo","description":"Expertises, ventes, locations, gestion et conseils immobiliers","alternateName":"Sabimmo","potentialAction":[{"@type":"SearchAction","target":{"@type":"EntryPoint","urlTemplate":"https:\/\/www.sabimmo.eu\/fr\/?s={search_term_string}"},"query-input":{"@type":"PropertyValueSpecification","valueRequired":true,"valueName":"search_term_string"}}],"inLanguage":"fr-FR"}]}</script>
<!-- / Yoast SEO plugin. -->

Appartement à louer - Nardò (6819339) - Sabimmo

À louer pour les vacances, charmant appartement de 2 chambres situé en plein cœur du centre historique de Nardò, dans la magnifique région des Pouilles, au sud de l’Italie. Entièrement meublé et équipé pour vous accueillir, ce logement offre tout le confort nécessaire : &#8211; Deux chambres confortables&#8211; Une salle de douche &#8211; Une cuisine [&hellip;]

Propriétés
