{"id":40485,"date":"2025-03-04T00:00:00","date_gmt":"2025-03-04T00:00:00","guid":{"rendered":"http:\/\/www.sabimmo.eu\/?post_type=estate&#038;p=40485"},"modified":"2026-05-01T05:03:07","modified_gmt":"2026-05-01T03:03:07","slug":"appartement-molenbeek-saint-jean-6636806","status":"publish","type":"estate","link":"https:\/\/www.sabimmo.eu\/fr\/properties\/apartment-fr\/bruxelles\/appartement-molenbeek-saint-jean-6636806\/","title":{"rendered":"Appartement \u00e0 vendre &#8211; Molenbeek-Saint-Jean (6636806)"},"content":{"rendered":"<p>Lumineux studio situ\u00e9 \u00e0 Molenbeek, \u00e0 proximit\u00e9 des transports en commun, des commerces et des parcs.<\/p>\n<p>Il se compose d&#8217;une spacieuse pi\u00e8ce \u00e0 vivre lumineuse, d&#8217;un hall d&#8217;entr\u00e9e avec un vestiaire, d&#8217;une cuisine s\u00e9par\u00e9e, d&#8217;une salle de bain avec toilettes, ainsi que d&#8217;une terrasse. Situ\u00e9 au 7e \u00e9tage, le studio offre une vue imprenable sur le Parc Albert.<\/p>\n<p>Id\u00e9alement situ\u00e9, ce studio offre un cadre de vie agr\u00e9able, avec un acc\u00e8s facile aux commodit\u00e9s locales. \u00c0 d\u00e9couvrir sans tarder !<\/p>\n<p>PEB : D+ &#8211; kWh\/m\u00b2\/an : 165 &#8211; CO\u00b2\/m\u00b2\/an : 33 kg<\/p>\n<p><span>Les propri\u00e9taires se r\u00e9servent le droit d&#8217;accepter ou de refuser toute offre re\u00e7ue.<\/span><br \/><span>Les documents tels que le PEB et le contr\u00f4le \u00e9lectrique sont disponibles sur demande.<\/span><\/p>\n<p>Pour plus d&#8217;informations ou pour organiser une visite, contactez-nous au +32 476 429 022 ou par email.<\/p>\n","protected":false},"excerpt":{"rendered":"<p>Lumineux studio situ\u00e9 \u00e0 Molenbeek, \u00e0 proximit\u00e9 des transports en commun, des commerces et des parcs. Il se compose d&#8217;une spacieuse pi\u00e8ce \u00e0 vivre lumineuse, d&#8217;un hall d&#8217;entr\u00e9e avec un vestiaire, d&#8217;une cuisine s\u00e9par\u00e9e, d&#8217;une salle de bain avec toilettes, ainsi que d&#8217;une terrasse. Situ\u00e9 au 7e \u00e9tage, le studio offre une vue imprenable sur [&hellip;]<\/p>\n","protected":false},"author":13,"featured_media":40488,"template":"","class_list":["post-40485","estate","type-estate","status-publish","has-post-thumbnail","hentry","property-type-apartment-fr","offer-type-sale-fr","city-bruxelles","zip-code-635","features-elevator","features-cellars","features-double-glass-windows"],"acf":[],"yoast_head":"<!-- This site is optimized with the Yoast SEO plugin v27.5 - https:\/\/yoast.com\/product\/yoast-seo-wordpress\/ -->\n<title>Appartement \u00e0 vendre - Molenbeek-Saint-Jean (6636806) - Sabimmo<\/title>\n<meta name=\"robots\" content=\"index, follow, max-snippet:-1, max-image-preview:large, max-video-preview:-1\" \/>\n<link rel=\"canonical\" href=\"https:\/\/www.sabimmo.eu\/\/fr\/wp-json\/wp\/v2\/estate\/40485\" \/>\n<meta property=\"og:locale\" content=\"fr_FR\" \/>\n<meta property=\"og:type\" content=\"article\" \/>\n<meta property=\"og:title\" content=\"Appartement \u00e0 vendre - Molenbeek-Saint-Jean (6636806) - Sabimmo\" \/>\n<meta property=\"og:description\" content=\"Lumineux studio situ\u00e9 \u00e0 Molenbeek, \u00e0 proximit\u00e9 des transports en commun, des commerces et des parcs. Il se compose d&#8217;une spacieuse pi\u00e8ce \u00e0 vivre lumineuse, d&#8217;un hall d&#8217;entr\u00e9e avec un vestiaire, d&#8217;une cuisine s\u00e9par\u00e9e, d&#8217;une salle de bain avec toilettes, ainsi que d&#8217;une terrasse. Situ\u00e9 au 7e \u00e9tage, le studio offre une vue imprenable sur [&hellip;]\" \/>\n<meta property=\"og:url\" content=\"https:\/\/www.sabimmo.eu\/fr\/properties\/apartment-fr\/bruxelles\/appartement-molenbeek-saint-jean-6636806\/\" \/>\n<meta property=\"og:site_name\" content=\"Sabimmo\" \/>\n<meta property=\"article:modified_time\" content=\"2026-05-01T03:03:07+00:00\" \/>\n<meta property=\"og:image\" content=\"https:\/\/www.sabimmo.eu\/wp-content\/uploads\/2025\/03\/b177bacb59a34cba9de36f41e13abeda-scaled.jpg\" \/>\n\t<meta property=\"og:image:width\" content=\"1200\" \/>\n\t<meta property=\"og:image:height\" content=\"675\" \/>\n\t<meta property=\"og:image:type\" content=\"image\/jpeg\" \/>\n<meta name=\"twitter:card\" content=\"summary_large_image\" \/>\n<meta name=\"twitter:label1\" content=\"Dur\u00e9e de lecture estim\u00e9e\" \/>\n\t<meta name=\"twitter:data1\" content=\"1 minute\" \/>\n<script type=\"application\/ld+json\" class=\"yoast-schema-graph\">{\"@context\":\"https:\\\/\\\/schema.org\",\"@graph\":[{\"@type\":\"WebPage\",\"@id\":\"https:\\\/\\\/www.sabimmo.eu\\\/fr\\\/properties\\\/apartment-fr\\\/bruxelles\\\/appartement-molenbeek-saint-jean-6636806\\\/\",\"url\":\"https:\\\/\\\/www.sabimmo.eu\\\/fr\\\/properties\\\/apartment-fr\\\/bruxelles\\\/appartement-molenbeek-saint-jean-6636806\\\/\",\"name\":\"Appartement \u00e0 vendre - Molenbeek-Saint-Jean (6636806) - Sabimmo\",\"isPartOf\":{\"@id\":\"https:\\\/\\\/www.sabimmo.eu\\\/fr\\\/#website\"},\"primaryImageOfPage\":{\"@id\":\"https:\\\/\\\/www.sabimmo.eu\\\/fr\\\/properties\\\/apartment-fr\\\/bruxelles\\\/appartement-molenbeek-saint-jean-6636806\\\/#primaryimage\"},\"image\":{\"@id\":\"https:\\\/\\\/www.sabimmo.eu\\\/fr\\\/properties\\\/apartment-fr\\\/bruxelles\\\/appartement-molenbeek-saint-jean-6636806\\\/#primaryimage\"},\"thumbnailUrl\":\"https:\\\/\\\/www.sabimmo.eu\\\/wp-content\\\/uploads\\\/2025\\\/03\\\/b177bacb59a34cba9de36f41e13abeda-scaled.jpg\",\"datePublished\":\"2025-03-04T00:00:00+00:00\",\"dateModified\":\"2026-05-01T03:03:07+00:00\",\"breadcrumb\":{\"@id\":\"https:\\\/\\\/www.sabimmo.eu\\\/fr\\\/properties\\\/apartment-fr\\\/bruxelles\\\/appartement-molenbeek-saint-jean-6636806\\\/#breadcrumb\"},\"inLanguage\":\"fr-FR\",\"potentialAction\":[{\"@type\":\"ReadAction\",\"target\":[\"https:\\\/\\\/www.sabimmo.eu\\\/fr\\\/properties\\\/apartment-fr\\\/bruxelles\\\/appartement-molenbeek-saint-jean-6636806\\\/\"]}]},{\"@type\":\"ImageObject\",\"inLanguage\":\"fr-FR\",\"@id\":\"https:\\\/\\\/www.sabimmo.eu\\\/fr\\\/properties\\\/apartment-fr\\\/bruxelles\\\/appartement-molenbeek-saint-jean-6636806\\\/#primaryimage\",\"url\":\"https:\\\/\\\/www.sabimmo.eu\\\/wp-content\\\/uploads\\\/2025\\\/03\\\/b177bacb59a34cba9de36f41e13abeda-scaled.jpg\",\"contentUrl\":\"https:\\\/\\\/www.sabimmo.eu\\\/wp-content\\\/uploads\\\/2025\\\/03\\\/b177bacb59a34cba9de36f41e13abeda-scaled.jpg\",\"width\":1200,\"height\":675},{\"@type\":\"BreadcrumbList\",\"@id\":\"https:\\\/\\\/www.sabimmo.eu\\\/fr\\\/properties\\\/apartment-fr\\\/bruxelles\\\/appartement-molenbeek-saint-jean-6636806\\\/#breadcrumb\",\"itemListElement\":[{\"@type\":\"ListItem\",\"position\":1,\"name\":\"Accueil\",\"item\":\"https:\\\/\\\/www.sabimmo.eu\\\/fr\\\/\"},{\"@type\":\"ListItem\",\"position\":2,\"name\":\"Propri\u00e9t\u00e9s\",\"item\":\"https:\\\/\\\/www.sabimmo.eu\\\/fr\\\/properties\\\/\"},{\"@type\":\"ListItem\",\"position\":3,\"name\":\"Appartement \u00e0 vendre &#8211; Molenbeek-Saint-Jean (6636806)\"}]},{\"@type\":\"WebSite\",\"@id\":\"https:\\\/\\\/www.sabimmo.eu\\\/fr\\\/#website\",\"url\":\"https:\\\/\\\/www.sabimmo.eu\\\/fr\\\/\",\"name\":\"Sabimmo\",\"description\":\"Expertises, ventes, locations, gestion et conseils immobiliers\",\"alternateName\":\"Sabimmo\",\"potentialAction\":[{\"@type\":\"SearchAction\",\"target\":{\"@type\":\"EntryPoint\",\"urlTemplate\":\"https:\\\/\\\/www.sabimmo.eu\\\/fr\\\/?s={search_term_string}\"},\"query-input\":{\"@type\":\"PropertyValueSpecification\",\"valueRequired\":true,\"valueName\":\"search_term_string\"}}],\"inLanguage\":\"fr-FR\"}]}<\/script>\n<!-- \/ Yoast SEO plugin. -->","yoast_head_json":{"title":"Appartement \u00e0 vendre - Molenbeek-Saint-Jean (6636806) - Sabimmo","robots":{"index":"index","follow":"follow","max-snippet":"max-snippet:-1","max-image-preview":"max-image-preview:large","max-video-preview":"max-video-preview:-1"},"canonical":"https:\/\/www.sabimmo.eu\/\/fr\/wp-json\/wp\/v2\/estate\/40485","og_locale":"fr_FR","og_type":"article","og_title":"Appartement \u00e0 vendre - Molenbeek-Saint-Jean (6636806) - Sabimmo","og_description":"Lumineux studio situ\u00e9 \u00e0 Molenbeek, \u00e0 proximit\u00e9 des transports en commun, des commerces et des parcs. Il se compose d&#8217;une spacieuse pi\u00e8ce \u00e0 vivre lumineuse, d&#8217;un hall d&#8217;entr\u00e9e avec un vestiaire, d&#8217;une cuisine s\u00e9par\u00e9e, d&#8217;une salle de bain avec toilettes, ainsi que d&#8217;une terrasse. Situ\u00e9 au 7e \u00e9tage, le studio offre une vue imprenable sur [&hellip;]","og_url":"https:\/\/www.sabimmo.eu\/fr\/properties\/apartment-fr\/bruxelles\/appartement-molenbeek-saint-jean-6636806\/","og_site_name":"Sabimmo","article_modified_time":"2026-05-01T03:03:07+00:00","og_image":[{"width":1200,"height":675,"url":"https:\/\/www.sabimmo.eu\/wp-content\/uploads\/2025\/03\/b177bacb59a34cba9de36f41e13abeda-scaled.jpg","type":"image\/jpeg"}],"twitter_card":"summary_large_image","twitter_misc":{"Dur\u00e9e de lecture estim\u00e9e":"1 minute"},"schema":{"@context":"https:\/\/schema.org","@graph":[{"@type":"WebPage","@id":"https:\/\/www.sabimmo.eu\/fr\/properties\/apartment-fr\/bruxelles\/appartement-molenbeek-saint-jean-6636806\/","url":"https:\/\/www.sabimmo.eu\/fr\/properties\/apartment-fr\/bruxelles\/appartement-molenbeek-saint-jean-6636806\/","name":"Appartement \u00e0 vendre - Molenbeek-Saint-Jean (6636806) - Sabimmo","isPartOf":{"@id":"https:\/\/www.sabimmo.eu\/fr\/#website"},"primaryImageOfPage":{"@id":"https:\/\/www.sabimmo.eu\/fr\/properties\/apartment-fr\/bruxelles\/appartement-molenbeek-saint-jean-6636806\/#primaryimage"},"image":{"@id":"https:\/\/www.sabimmo.eu\/fr\/properties\/apartment-fr\/bruxelles\/appartement-molenbeek-saint-jean-6636806\/#primaryimage"},"thumbnailUrl":"https:\/\/www.sabimmo.eu\/wp-content\/uploads\/2025\/03\/b177bacb59a34cba9de36f41e13abeda-scaled.jpg","datePublished":"2025-03-04T00:00:00+00:00","dateModified":"2026-05-01T03:03:07+00:00","breadcrumb":{"@id":"https:\/\/www.sabimmo.eu\/fr\/properties\/apartment-fr\/bruxelles\/appartement-molenbeek-saint-jean-6636806\/#breadcrumb"},"inLanguage":"fr-FR","potentialAction":[{"@type":"ReadAction","target":["https:\/\/www.sabimmo.eu\/fr\/properties\/apartment-fr\/bruxelles\/appartement-molenbeek-saint-jean-6636806\/"]}]},{"@type":"ImageObject","inLanguage":"fr-FR","@id":"https:\/\/www.sabimmo.eu\/fr\/properties\/apartment-fr\/bruxelles\/appartement-molenbeek-saint-jean-6636806\/#primaryimage","url":"https:\/\/www.sabimmo.eu\/wp-content\/uploads\/2025\/03\/b177bacb59a34cba9de36f41e13abeda-scaled.jpg","contentUrl":"https:\/\/www.sabimmo.eu\/wp-content\/uploads\/2025\/03\/b177bacb59a34cba9de36f41e13abeda-scaled.jpg","width":1200,"height":675},{"@type":"BreadcrumbList","@id":"https:\/\/www.sabimmo.eu\/fr\/properties\/apartment-fr\/bruxelles\/appartement-molenbeek-saint-jean-6636806\/#breadcrumb","itemListElement":[{"@type":"ListItem","position":1,"name":"Accueil","item":"https:\/\/www.sabimmo.eu\/fr\/"},{"@type":"ListItem","position":2,"name":"Propri\u00e9t\u00e9s","item":"https:\/\/www.sabimmo.eu\/fr\/properties\/"},{"@type":"ListItem","position":3,"name":"Appartement \u00e0 vendre &#8211; Molenbeek-Saint-Jean (6636806)"}]},{"@type":"WebSite","@id":"https:\/\/www.sabimmo.eu\/fr\/#website","url":"https:\/\/www.sabimmo.eu\/fr\/","name":"Sabimmo","description":"Expertises, ventes, locations, gestion et conseils immobiliers","alternateName":"Sabimmo","potentialAction":[{"@type":"SearchAction","target":{"@type":"EntryPoint","urlTemplate":"https:\/\/www.sabimmo.eu\/fr\/?s={search_term_string}"},"query-input":{"@type":"PropertyValueSpecification","valueRequired":true,"valueName":"search_term_string"}}],"inLanguage":"fr-FR"}]}},"_links":{"self":[{"href":"https:\/\/www.sabimmo.eu\/fr\/wp-json\/wp\/v2\/estate\/40485","targetHints":{"allow":["GET"]}}],"collection":[{"href":"https:\/\/www.sabimmo.eu\/fr\/wp-json\/wp\/v2\/estate"}],"about":[{"href":"https:\/\/www.sabimmo.eu\/fr\/wp-json\/wp\/v2\/types\/estate"}],"author":[{"embeddable":true,"href":"https:\/\/www.sabimmo.eu\/fr\/wp-json\/wp\/v2\/users\/13"}],"wp:featuredmedia":[{"embeddable":true,"href":"https:\/\/www.sabimmo.eu\/fr\/wp-json\/wp\/v2\/media\/40488"}],"wp:attachment":[{"href":"https:\/\/www.sabimmo.eu\/fr\/wp-json\/wp\/v2\/media?parent=40485"}],"curies":[{"name":"wp","href":"https:\/\/api.w.org\/{rel}","templated":true}]}}

Appartement à vendre &#8211; Molenbeek-Saint-Jean (6636806)

<p>Lumineux studio situé à Molenbeek, à proximité des transports en commun, des commerces et des parcs.</p>
<p>Il se compose d&#8217;une spacieuse pièce à vivre lumineuse, d&#8217;un hall d&#8217;entrée avec un vestiaire, d&#8217;une cuisine séparée, d&#8217;une salle de bain avec toilettes, ainsi que d&#8217;une terrasse. Situé au 7e étage, le studio offre une vue imprenable sur le Parc Albert.</p>
<p>Idéalement situé, ce studio offre un cadre de vie agréable, avec un accès facile aux commodités locales. À découvrir sans tarder !</p>
<p>PEB : D+ &#8211; kWh/m²/an : 165 &#8211; CO²/m²/an : 33 kg</p>
<p><span>Les propriétaires se réservent le droit d&#8217;accepter ou de refuser toute offre reçue.</span><br /><span>Les documents tels que le PEB et le contrôle électrique sont disponibles sur demande.</span></p>
<p>Pour plus d&#8217;informations ou pour organiser une visite, contactez-nous au +32 476 429 022 ou par email.</p>

<p>Lumineux studio situé à Molenbeek, à proximité des transports en commun, des commerces et des parcs. Il se compose d&#8217;une spacieuse pièce à vivre lumineuse, d&#8217;un hall d&#8217;entrée avec un vestiaire, d&#8217;une cuisine séparée, d&#8217;une salle de bain avec toilettes, ainsi que d&#8217;une terrasse. Situé au 7e étage, le studio offre une vue imprenable sur [&hellip;]</p>

<!-- This site is optimized with the Yoast SEO plugin v27.5 - https://yoast.com/product/yoast-seo-wordpress/ -->
<title>Appartement à vendre - Molenbeek-Saint-Jean (6636806) - Sabimmo</title>
<meta name="robots" content="index, follow, max-snippet:-1, max-image-preview:large, max-video-preview:-1" />
<link rel="canonical" href="https://www.sabimmo.eu//fr/wp-json/wp/v2/estate/40485" />
<meta property="og:locale" content="fr_FR" />
<meta property="og:type" content="article" />
<meta property="og:title" content="Appartement à vendre - Molenbeek-Saint-Jean (6636806) - Sabimmo" />
<meta property="og:description" content="Lumineux studio situé à Molenbeek, à proximité des transports en commun, des commerces et des parcs. Il se compose d&#8217;une spacieuse pièce à vivre lumineuse, d&#8217;un hall d&#8217;entrée avec un vestiaire, d&#8217;une cuisine séparée, d&#8217;une salle de bain avec toilettes, ainsi que d&#8217;une terrasse. Situé au 7e étage, le studio offre une vue imprenable sur [&hellip;]" />
<meta property="og:url" content="https://www.sabimmo.eu/fr/properties/apartment-fr/bruxelles/appartement-molenbeek-saint-jean-6636806/" />
<meta property="og:site_name" content="Sabimmo" />
<meta property="article:modified_time" content="2026-05-01T03:03:07+00:00" />
<meta property="og:image" content="https://www.sabimmo.eu/wp-content/uploads/2025/03/b177bacb59a34cba9de36f41e13abeda-scaled.jpg" />
	<meta property="og:image:width" content="1200" />
	<meta property="og:image:height" content="675" />
	<meta property="og:image:type" content="image/jpeg" />
<meta name="twitter:card" content="summary_large_image" />
<meta name="twitter:label1" content="Durée de lecture estimée" />
	<meta name="twitter:data1" content="1 minute" />
<script type="application/ld+json" class="yoast-schema-graph">{"@context":"https:\/\/schema.org","@graph":[{"@type":"WebPage","@id":"https:\/\/www.sabimmo.eu\/fr\/properties\/apartment-fr\/bruxelles\/appartement-molenbeek-saint-jean-6636806\/","url":"https:\/\/www.sabimmo.eu\/fr\/properties\/apartment-fr\/bruxelles\/appartement-molenbeek-saint-jean-6636806\/","name":"Appartement à vendre - Molenbeek-Saint-Jean (6636806) - Sabimmo","isPartOf":{"@id":"https:\/\/www.sabimmo.eu\/fr\/#website"},"primaryImageOfPage":{"@id":"https:\/\/www.sabimmo.eu\/fr\/properties\/apartment-fr\/bruxelles\/appartement-molenbeek-saint-jean-6636806\/#primaryimage"},"image":{"@id":"https:\/\/www.sabimmo.eu\/fr\/properties\/apartment-fr\/bruxelles\/appartement-molenbeek-saint-jean-6636806\/#primaryimage"},"thumbnailUrl":"https:\/\/www.sabimmo.eu\/wp-content\/uploads\/2025\/03\/b177bacb59a34cba9de36f41e13abeda-scaled.jpg","datePublished":"2025-03-04T00:00:00+00:00","dateModified":"2026-05-01T03:03:07+00:00","breadcrumb":{"@id":"https:\/\/www.sabimmo.eu\/fr\/properties\/apartment-fr\/bruxelles\/appartement-molenbeek-saint-jean-6636806\/#breadcrumb"},"inLanguage":"fr-FR","potentialAction":[{"@type":"ReadAction","target":["https:\/\/www.sabimmo.eu\/fr\/properties\/apartment-fr\/bruxelles\/appartement-molenbeek-saint-jean-6636806\/"]}]},{"@type":"ImageObject","inLanguage":"fr-FR","@id":"https:\/\/www.sabimmo.eu\/fr\/properties\/apartment-fr\/bruxelles\/appartement-molenbeek-saint-jean-6636806\/#primaryimage","url":"https:\/\/www.sabimmo.eu\/wp-content\/uploads\/2025\/03\/b177bacb59a34cba9de36f41e13abeda-scaled.jpg","contentUrl":"https:\/\/www.sabimmo.eu\/wp-content\/uploads\/2025\/03\/b177bacb59a34cba9de36f41e13abeda-scaled.jpg","width":1200,"height":675},{"@type":"BreadcrumbList","@id":"https:\/\/www.sabimmo.eu\/fr\/properties\/apartment-fr\/bruxelles\/appartement-molenbeek-saint-jean-6636806\/#breadcrumb","itemListElement":[{"@type":"ListItem","position":1,"name":"Accueil","item":"https:\/\/www.sabimmo.eu\/fr\/"},{"@type":"ListItem","position":2,"name":"Propriétés","item":"https:\/\/www.sabimmo.eu\/fr\/properties\/"},{"@type":"ListItem","position":3,"name":"Appartement à vendre &#8211; Molenbeek-Saint-Jean (6636806)"}]},{"@type":"WebSite","@id":"https:\/\/www.sabimmo.eu\/fr\/#website","url":"https:\/\/www.sabimmo.eu\/fr\/","name":"Sabimmo","description":"Expertises, ventes, locations, gestion et conseils immobiliers","alternateName":"Sabimmo","potentialAction":[{"@type":"SearchAction","target":{"@type":"EntryPoint","urlTemplate":"https:\/\/www.sabimmo.eu\/fr\/?s={search_term_string}"},"query-input":{"@type":"PropertyValueSpecification","valueRequired":true,"valueName":"search_term_string"}}],"inLanguage":"fr-FR"}]}</script>
<!-- / Yoast SEO plugin. -->

Appartement à vendre - Molenbeek-Saint-Jean (6636806) - Sabimmo

Lumineux studio situé à Molenbeek, à proximité des transports en commun, des commerces et des parcs. Il se compose d&#8217;une spacieuse pièce à vivre lumineuse, d&#8217;un hall d&#8217;entrée avec un vestiaire, d&#8217;une cuisine séparée, d&#8217;une salle de bain avec toilettes, ainsi que d&#8217;une terrasse. Situé au 7e étage, le studio offre une vue imprenable sur [&hellip;]

Propriétés
