{"id":31979,"date":"2024-02-08T00:00:00","date_gmt":"2024-02-08T00:00:00","guid":{"rendered":"http:\/\/www.sabimmo.eu\/?post_type=estate&#038;p=31979"},"modified":"2026-05-01T01:03:18","modified_gmt":"2026-04-30T23:03:18","slug":"appartement-ixelles-5845884","status":"publish","type":"estate","link":"https:\/\/www.sabimmo.eu\/fr\/properties\/apartment-fr\/bruxelles\/appartement-ixelles-5845884\/","title":{"rendered":"Appartement lou\u00e9 &#8211; Ixelles (5845884)"},"content":{"rendered":"<p>IXELLES, \u00e0 proximit\u00e9 du Bois de la Cambre et de l\u2019ULB, grand et lumineux duplex traversant avec 3 chambres, d&#8217;une surface totale de \u00b1167m\u00b2, situ\u00e9 au 4i\u00e8me \u00e9tage.<\/p>\n<p>Au niveau du 1er plateau, il se compose d&#8217;un hall d\u2019entr\u00e9e, un grand s\u00e9jour avec escaliers donnant acc\u00e8s \u00e0 l&#8217;\u00e9tage, acc\u00e8s \u00e0 un couloir donnant sur une cuisine \u00e9quip\u00e9e avec une arri\u00e8re cuisine (armoires \u00e0 stockage), 1placard \u00e0 \u00e9tag\u00e8re dans le mur, 1 chambre avec 2 armoires-colonnes, 1 wc s\u00e9par\u00e9, 1 salle de bain avec baignoire-douche, 1 lavabo et 1 wc, et 1 chambre avec placards \u00e0 portes-miroirs coulissantes et 2 armoires colonnes.<\/p>\n<p>2\u00e8me plateau, 1 chambre avec espace faisant office de studio, <span>1 salle de bain avec baignoire-douche et 1 lavabo<\/span>, un WC s\u00e9par\u00e9, 1 grande terrasse c\u00f4t\u00e9 rue avec superbe vue d\u00e9gag\u00e9e.<\/p>\n<p>2 caves de rangement. PEB G<\/p>\n<p>Charges locataires : provision de 360\u20ac (comprenant : chauffage, eau, entretien des communs, ascenseur, &#8230;)<\/p>\n<p>Visites sur rendez-vous &#8211; contact : +32 476 429 022<\/p>\n","protected":false},"excerpt":{"rendered":"<p>IXELLES, \u00e0 proximit\u00e9 du Bois de la Cambre et de l\u2019ULB, grand et lumineux duplex traversant avec 3 chambres, d&#8217;une surface totale de \u00b1167m\u00b2, situ\u00e9 au 4i\u00e8me \u00e9tage. Au niveau du 1er plateau, il se compose d&#8217;un hall d\u2019entr\u00e9e, un grand s\u00e9jour avec escaliers donnant acc\u00e8s \u00e0 l&#8217;\u00e9tage, acc\u00e8s \u00e0 un couloir donnant sur une [&hellip;]<\/p>\n","protected":false},"author":13,"featured_media":31993,"template":"","class_list":["post-31979","estate","type-estate","status-publish","has-post-thumbnail","hentry","property-type-apartment-fr","offer-type-rented-fr","city-bruxelles","zip-code-610","features-elevator","features-cellars","features-kitchen","features-nearby-shops","features-nearby-schools","features-nearby-public-transports"],"acf":[],"yoast_head":"<!-- This site is optimized with the Yoast SEO plugin v27.5 - https:\/\/yoast.com\/product\/yoast-seo-wordpress\/ -->\n<title>Appartement lou\u00e9 - Ixelles (5845884) - Sabimmo<\/title>\n<meta name=\"robots\" content=\"index, follow, max-snippet:-1, max-image-preview:large, max-video-preview:-1\" \/>\n<link rel=\"canonical\" href=\"https:\/\/www.sabimmo.eu\/\/fr\/wp-json\/wp\/v2\/estate\/31979\" \/>\n<meta property=\"og:locale\" content=\"fr_FR\" \/>\n<meta property=\"og:type\" content=\"article\" \/>\n<meta property=\"og:title\" content=\"Appartement lou\u00e9 - Ixelles (5845884) - Sabimmo\" \/>\n<meta property=\"og:description\" content=\"IXELLES, \u00e0 proximit\u00e9 du Bois de la Cambre et de l\u2019ULB, grand et lumineux duplex traversant avec 3 chambres, d&#8217;une surface totale de \u00b1167m\u00b2, situ\u00e9 au 4i\u00e8me \u00e9tage. Au niveau du 1er plateau, il se compose d&#8217;un hall d\u2019entr\u00e9e, un grand s\u00e9jour avec escaliers donnant acc\u00e8s \u00e0 l&#8217;\u00e9tage, acc\u00e8s \u00e0 un couloir donnant sur une [&hellip;]\" \/>\n<meta property=\"og:url\" content=\"https:\/\/www.sabimmo.eu\/fr\/properties\/apartment-fr\/bruxelles\/appartement-ixelles-5845884\/\" \/>\n<meta property=\"og:site_name\" content=\"Sabimmo\" \/>\n<meta property=\"article:modified_time\" content=\"2026-04-30T23:03:18+00:00\" \/>\n<meta property=\"og:image\" content=\"https:\/\/www.sabimmo.eu\/wp-content\/uploads\/2024\/02\/4ed9a663a218488599210a93999221db.jpg\" \/>\n\t<meta property=\"og:image:width\" content=\"1800\" \/>\n\t<meta property=\"og:image:height\" content=\"1200\" \/>\n\t<meta property=\"og:image:type\" content=\"image\/jpeg\" \/>\n<meta name=\"twitter:card\" content=\"summary_large_image\" \/>\n<meta name=\"twitter:label1\" content=\"Dur\u00e9e de lecture estim\u00e9e\" \/>\n\t<meta name=\"twitter:data1\" content=\"1 minute\" \/>\n<script type=\"application\/ld+json\" class=\"yoast-schema-graph\">{\"@context\":\"https:\\\/\\\/schema.org\",\"@graph\":[{\"@type\":\"WebPage\",\"@id\":\"https:\\\/\\\/www.sabimmo.eu\\\/fr\\\/properties\\\/apartment-fr\\\/bruxelles\\\/appartement-ixelles-5845884\\\/\",\"url\":\"https:\\\/\\\/www.sabimmo.eu\\\/fr\\\/properties\\\/apartment-fr\\\/bruxelles\\\/appartement-ixelles-5845884\\\/\",\"name\":\"Appartement lou\u00e9 - Ixelles (5845884) - Sabimmo\",\"isPartOf\":{\"@id\":\"https:\\\/\\\/www.sabimmo.eu\\\/fr\\\/#website\"},\"primaryImageOfPage\":{\"@id\":\"https:\\\/\\\/www.sabimmo.eu\\\/fr\\\/properties\\\/apartment-fr\\\/bruxelles\\\/appartement-ixelles-5845884\\\/#primaryimage\"},\"image\":{\"@id\":\"https:\\\/\\\/www.sabimmo.eu\\\/fr\\\/properties\\\/apartment-fr\\\/bruxelles\\\/appartement-ixelles-5845884\\\/#primaryimage\"},\"thumbnailUrl\":\"https:\\\/\\\/www.sabimmo.eu\\\/wp-content\\\/uploads\\\/2024\\\/02\\\/4ed9a663a218488599210a93999221db.jpg\",\"datePublished\":\"2024-02-08T00:00:00+00:00\",\"dateModified\":\"2026-04-30T23:03:18+00:00\",\"breadcrumb\":{\"@id\":\"https:\\\/\\\/www.sabimmo.eu\\\/fr\\\/properties\\\/apartment-fr\\\/bruxelles\\\/appartement-ixelles-5845884\\\/#breadcrumb\"},\"inLanguage\":\"fr-FR\",\"potentialAction\":[{\"@type\":\"ReadAction\",\"target\":[\"https:\\\/\\\/www.sabimmo.eu\\\/fr\\\/properties\\\/apartment-fr\\\/bruxelles\\\/appartement-ixelles-5845884\\\/\"]}]},{\"@type\":\"ImageObject\",\"inLanguage\":\"fr-FR\",\"@id\":\"https:\\\/\\\/www.sabimmo.eu\\\/fr\\\/properties\\\/apartment-fr\\\/bruxelles\\\/appartement-ixelles-5845884\\\/#primaryimage\",\"url\":\"https:\\\/\\\/www.sabimmo.eu\\\/wp-content\\\/uploads\\\/2024\\\/02\\\/4ed9a663a218488599210a93999221db.jpg\",\"contentUrl\":\"https:\\\/\\\/www.sabimmo.eu\\\/wp-content\\\/uploads\\\/2024\\\/02\\\/4ed9a663a218488599210a93999221db.jpg\",\"width\":1800,\"height\":1200},{\"@type\":\"BreadcrumbList\",\"@id\":\"https:\\\/\\\/www.sabimmo.eu\\\/fr\\\/properties\\\/apartment-fr\\\/bruxelles\\\/appartement-ixelles-5845884\\\/#breadcrumb\",\"itemListElement\":[{\"@type\":\"ListItem\",\"position\":1,\"name\":\"Accueil\",\"item\":\"https:\\\/\\\/www.sabimmo.eu\\\/fr\\\/\"},{\"@type\":\"ListItem\",\"position\":2,\"name\":\"Propri\u00e9t\u00e9s\",\"item\":\"https:\\\/\\\/www.sabimmo.eu\\\/fr\\\/properties\\\/\"},{\"@type\":\"ListItem\",\"position\":3,\"name\":\"Appartement lou\u00e9 &#8211; Ixelles (5845884)\"}]},{\"@type\":\"WebSite\",\"@id\":\"https:\\\/\\\/www.sabimmo.eu\\\/fr\\\/#website\",\"url\":\"https:\\\/\\\/www.sabimmo.eu\\\/fr\\\/\",\"name\":\"Sabimmo\",\"description\":\"Expertises, ventes, locations, gestion et conseils immobiliers\",\"alternateName\":\"Sabimmo\",\"potentialAction\":[{\"@type\":\"SearchAction\",\"target\":{\"@type\":\"EntryPoint\",\"urlTemplate\":\"https:\\\/\\\/www.sabimmo.eu\\\/fr\\\/?s={search_term_string}\"},\"query-input\":{\"@type\":\"PropertyValueSpecification\",\"valueRequired\":true,\"valueName\":\"search_term_string\"}}],\"inLanguage\":\"fr-FR\"}]}<\/script>\n<!-- \/ Yoast SEO plugin. -->","yoast_head_json":{"title":"Appartement lou\u00e9 - Ixelles (5845884) - Sabimmo","robots":{"index":"index","follow":"follow","max-snippet":"max-snippet:-1","max-image-preview":"max-image-preview:large","max-video-preview":"max-video-preview:-1"},"canonical":"https:\/\/www.sabimmo.eu\/\/fr\/wp-json\/wp\/v2\/estate\/31979","og_locale":"fr_FR","og_type":"article","og_title":"Appartement lou\u00e9 - Ixelles (5845884) - Sabimmo","og_description":"IXELLES, \u00e0 proximit\u00e9 du Bois de la Cambre et de l\u2019ULB, grand et lumineux duplex traversant avec 3 chambres, d&#8217;une surface totale de \u00b1167m\u00b2, situ\u00e9 au 4i\u00e8me \u00e9tage. Au niveau du 1er plateau, il se compose d&#8217;un hall d\u2019entr\u00e9e, un grand s\u00e9jour avec escaliers donnant acc\u00e8s \u00e0 l&#8217;\u00e9tage, acc\u00e8s \u00e0 un couloir donnant sur une [&hellip;]","og_url":"https:\/\/www.sabimmo.eu\/fr\/properties\/apartment-fr\/bruxelles\/appartement-ixelles-5845884\/","og_site_name":"Sabimmo","article_modified_time":"2026-04-30T23:03:18+00:00","og_image":[{"width":1800,"height":1200,"url":"https:\/\/www.sabimmo.eu\/wp-content\/uploads\/2024\/02\/4ed9a663a218488599210a93999221db.jpg","type":"image\/jpeg"}],"twitter_card":"summary_large_image","twitter_misc":{"Dur\u00e9e de lecture estim\u00e9e":"1 minute"},"schema":{"@context":"https:\/\/schema.org","@graph":[{"@type":"WebPage","@id":"https:\/\/www.sabimmo.eu\/fr\/properties\/apartment-fr\/bruxelles\/appartement-ixelles-5845884\/","url":"https:\/\/www.sabimmo.eu\/fr\/properties\/apartment-fr\/bruxelles\/appartement-ixelles-5845884\/","name":"Appartement lou\u00e9 - Ixelles (5845884) - Sabimmo","isPartOf":{"@id":"https:\/\/www.sabimmo.eu\/fr\/#website"},"primaryImageOfPage":{"@id":"https:\/\/www.sabimmo.eu\/fr\/properties\/apartment-fr\/bruxelles\/appartement-ixelles-5845884\/#primaryimage"},"image":{"@id":"https:\/\/www.sabimmo.eu\/fr\/properties\/apartment-fr\/bruxelles\/appartement-ixelles-5845884\/#primaryimage"},"thumbnailUrl":"https:\/\/www.sabimmo.eu\/wp-content\/uploads\/2024\/02\/4ed9a663a218488599210a93999221db.jpg","datePublished":"2024-02-08T00:00:00+00:00","dateModified":"2026-04-30T23:03:18+00:00","breadcrumb":{"@id":"https:\/\/www.sabimmo.eu\/fr\/properties\/apartment-fr\/bruxelles\/appartement-ixelles-5845884\/#breadcrumb"},"inLanguage":"fr-FR","potentialAction":[{"@type":"ReadAction","target":["https:\/\/www.sabimmo.eu\/fr\/properties\/apartment-fr\/bruxelles\/appartement-ixelles-5845884\/"]}]},{"@type":"ImageObject","inLanguage":"fr-FR","@id":"https:\/\/www.sabimmo.eu\/fr\/properties\/apartment-fr\/bruxelles\/appartement-ixelles-5845884\/#primaryimage","url":"https:\/\/www.sabimmo.eu\/wp-content\/uploads\/2024\/02\/4ed9a663a218488599210a93999221db.jpg","contentUrl":"https:\/\/www.sabimmo.eu\/wp-content\/uploads\/2024\/02\/4ed9a663a218488599210a93999221db.jpg","width":1800,"height":1200},{"@type":"BreadcrumbList","@id":"https:\/\/www.sabimmo.eu\/fr\/properties\/apartment-fr\/bruxelles\/appartement-ixelles-5845884\/#breadcrumb","itemListElement":[{"@type":"ListItem","position":1,"name":"Accueil","item":"https:\/\/www.sabimmo.eu\/fr\/"},{"@type":"ListItem","position":2,"name":"Propri\u00e9t\u00e9s","item":"https:\/\/www.sabimmo.eu\/fr\/properties\/"},{"@type":"ListItem","position":3,"name":"Appartement lou\u00e9 &#8211; Ixelles (5845884)"}]},{"@type":"WebSite","@id":"https:\/\/www.sabimmo.eu\/fr\/#website","url":"https:\/\/www.sabimmo.eu\/fr\/","name":"Sabimmo","description":"Expertises, ventes, locations, gestion et conseils immobiliers","alternateName":"Sabimmo","potentialAction":[{"@type":"SearchAction","target":{"@type":"EntryPoint","urlTemplate":"https:\/\/www.sabimmo.eu\/fr\/?s={search_term_string}"},"query-input":{"@type":"PropertyValueSpecification","valueRequired":true,"valueName":"search_term_string"}}],"inLanguage":"fr-FR"}]}},"_links":{"self":[{"href":"https:\/\/www.sabimmo.eu\/fr\/wp-json\/wp\/v2\/estate\/31979","targetHints":{"allow":["GET"]}}],"collection":[{"href":"https:\/\/www.sabimmo.eu\/fr\/wp-json\/wp\/v2\/estate"}],"about":[{"href":"https:\/\/www.sabimmo.eu\/fr\/wp-json\/wp\/v2\/types\/estate"}],"author":[{"embeddable":true,"href":"https:\/\/www.sabimmo.eu\/fr\/wp-json\/wp\/v2\/users\/13"}],"wp:featuredmedia":[{"embeddable":true,"href":"https:\/\/www.sabimmo.eu\/fr\/wp-json\/wp\/v2\/media\/31993"}],"wp:attachment":[{"href":"https:\/\/www.sabimmo.eu\/fr\/wp-json\/wp\/v2\/media?parent=31979"}],"curies":[{"name":"wp","href":"https:\/\/api.w.org\/{rel}","templated":true}]}}

Appartement loué &#8211; Ixelles (5845884)

<p>IXELLES, à proximité du Bois de la Cambre et de l’ULB, grand et lumineux duplex traversant avec 3 chambres, d&#8217;une surface totale de ±167m², situé au 4ième étage.</p>
<p>Au niveau du 1er plateau, il se compose d&#8217;un hall d’entrée, un grand séjour avec escaliers donnant accès à l&#8217;étage, accès à un couloir donnant sur une cuisine équipée avec une arrière cuisine (armoires à stockage), 1placard à étagère dans le mur, 1 chambre avec 2 armoires-colonnes, 1 wc séparé, 1 salle de bain avec baignoire-douche, 1 lavabo et 1 wc, et 1 chambre avec placards à portes-miroirs coulissantes et 2 armoires colonnes.</p>
<p>2ème plateau, 1 chambre avec espace faisant office de studio, <span>1 salle de bain avec baignoire-douche et 1 lavabo</span>, un WC séparé, 1 grande terrasse côté rue avec superbe vue dégagée.</p>
<p>2 caves de rangement. PEB G</p>
<p>Charges locataires : provision de 360€ (comprenant : chauffage, eau, entretien des communs, ascenseur, &#8230;)</p>
<p>Visites sur rendez-vous &#8211; contact : +32 476 429 022</p>

<p>IXELLES, à proximité du Bois de la Cambre et de l’ULB, grand et lumineux duplex traversant avec 3 chambres, d&#8217;une surface totale de ±167m², situé au 4ième étage. Au niveau du 1er plateau, il se compose d&#8217;un hall d’entrée, un grand séjour avec escaliers donnant accès à l&#8217;étage, accès à un couloir donnant sur une [&hellip;]</p>

<!-- This site is optimized with the Yoast SEO plugin v27.5 - https://yoast.com/product/yoast-seo-wordpress/ -->
<title>Appartement loué - Ixelles (5845884) - Sabimmo</title>
<meta name="robots" content="index, follow, max-snippet:-1, max-image-preview:large, max-video-preview:-1" />
<link rel="canonical" href="https://www.sabimmo.eu//fr/wp-json/wp/v2/estate/31979" />
<meta property="og:locale" content="fr_FR" />
<meta property="og:type" content="article" />
<meta property="og:title" content="Appartement loué - Ixelles (5845884) - Sabimmo" />
<meta property="og:description" content="IXELLES, à proximité du Bois de la Cambre et de l’ULB, grand et lumineux duplex traversant avec 3 chambres, d&#8217;une surface totale de ±167m², situé au 4ième étage. Au niveau du 1er plateau, il se compose d&#8217;un hall d’entrée, un grand séjour avec escaliers donnant accès à l&#8217;étage, accès à un couloir donnant sur une [&hellip;]" />
<meta property="og:url" content="https://www.sabimmo.eu/fr/properties/apartment-fr/bruxelles/appartement-ixelles-5845884/" />
<meta property="og:site_name" content="Sabimmo" />
<meta property="article:modified_time" content="2026-04-30T23:03:18+00:00" />
<meta property="og:image" content="https://www.sabimmo.eu/wp-content/uploads/2024/02/4ed9a663a218488599210a93999221db.jpg" />
	<meta property="og:image:width" content="1800" />
	<meta property="og:image:height" content="1200" />
	<meta property="og:image:type" content="image/jpeg" />
<meta name="twitter:card" content="summary_large_image" />
<meta name="twitter:label1" content="Durée de lecture estimée" />
	<meta name="twitter:data1" content="1 minute" />
<script type="application/ld+json" class="yoast-schema-graph">{"@context":"https:\/\/schema.org","@graph":[{"@type":"WebPage","@id":"https:\/\/www.sabimmo.eu\/fr\/properties\/apartment-fr\/bruxelles\/appartement-ixelles-5845884\/","url":"https:\/\/www.sabimmo.eu\/fr\/properties\/apartment-fr\/bruxelles\/appartement-ixelles-5845884\/","name":"Appartement loué - Ixelles (5845884) - Sabimmo","isPartOf":{"@id":"https:\/\/www.sabimmo.eu\/fr\/#website"},"primaryImageOfPage":{"@id":"https:\/\/www.sabimmo.eu\/fr\/properties\/apartment-fr\/bruxelles\/appartement-ixelles-5845884\/#primaryimage"},"image":{"@id":"https:\/\/www.sabimmo.eu\/fr\/properties\/apartment-fr\/bruxelles\/appartement-ixelles-5845884\/#primaryimage"},"thumbnailUrl":"https:\/\/www.sabimmo.eu\/wp-content\/uploads\/2024\/02\/4ed9a663a218488599210a93999221db.jpg","datePublished":"2024-02-08T00:00:00+00:00","dateModified":"2026-04-30T23:03:18+00:00","breadcrumb":{"@id":"https:\/\/www.sabimmo.eu\/fr\/properties\/apartment-fr\/bruxelles\/appartement-ixelles-5845884\/#breadcrumb"},"inLanguage":"fr-FR","potentialAction":[{"@type":"ReadAction","target":["https:\/\/www.sabimmo.eu\/fr\/properties\/apartment-fr\/bruxelles\/appartement-ixelles-5845884\/"]}]},{"@type":"ImageObject","inLanguage":"fr-FR","@id":"https:\/\/www.sabimmo.eu\/fr\/properties\/apartment-fr\/bruxelles\/appartement-ixelles-5845884\/#primaryimage","url":"https:\/\/www.sabimmo.eu\/wp-content\/uploads\/2024\/02\/4ed9a663a218488599210a93999221db.jpg","contentUrl":"https:\/\/www.sabimmo.eu\/wp-content\/uploads\/2024\/02\/4ed9a663a218488599210a93999221db.jpg","width":1800,"height":1200},{"@type":"BreadcrumbList","@id":"https:\/\/www.sabimmo.eu\/fr\/properties\/apartment-fr\/bruxelles\/appartement-ixelles-5845884\/#breadcrumb","itemListElement":[{"@type":"ListItem","position":1,"name":"Accueil","item":"https:\/\/www.sabimmo.eu\/fr\/"},{"@type":"ListItem","position":2,"name":"Propriétés","item":"https:\/\/www.sabimmo.eu\/fr\/properties\/"},{"@type":"ListItem","position":3,"name":"Appartement loué &#8211; Ixelles (5845884)"}]},{"@type":"WebSite","@id":"https:\/\/www.sabimmo.eu\/fr\/#website","url":"https:\/\/www.sabimmo.eu\/fr\/","name":"Sabimmo","description":"Expertises, ventes, locations, gestion et conseils immobiliers","alternateName":"Sabimmo","potentialAction":[{"@type":"SearchAction","target":{"@type":"EntryPoint","urlTemplate":"https:\/\/www.sabimmo.eu\/fr\/?s={search_term_string}"},"query-input":{"@type":"PropertyValueSpecification","valueRequired":true,"valueName":"search_term_string"}}],"inLanguage":"fr-FR"}]}</script>
<!-- / Yoast SEO plugin. -->

Appartement loué - Ixelles (5845884) - Sabimmo

IXELLES, à proximité du Bois de la Cambre et de l’ULB, grand et lumineux duplex traversant avec 3 chambres, d&#8217;une surface totale de ±167m², situé au 4ième étage. Au niveau du 1er plateau, il se compose d&#8217;un hall d’entrée, un grand séjour avec escaliers donnant accès à l&#8217;étage, accès à un couloir donnant sur une [&hellip;]

Propriétés
