{"version":"1.0","provider_name":"Sabimmo","provider_url":"https:\/\/www.sabimmo.eu\/fr\/","author_name":"Sabine","author_url":"https:\/\/www.sabimmo.eu\/fr\/user\/sabine\/","title":"Appartement \u00e0 vendre - Schaerbeek (7618592) - Sabimmo","type":"rich","width":600,"height":338,"html":"<blockquote class=\"wp-embedded-content\" data-secret=\"vhvED7bbLw\"><a href=\"https:\/\/www.sabimmo.eu\/fr\/properties\/apartment-fr\/bruxelles\/appartement-schaerbeek-7618592\/\">Appartement \u00e0 vendre &#8211; Schaerbeek (7618592)<\/a><\/blockquote><iframe sandbox=\"allow-scripts\" security=\"restricted\" src=\"https:\/\/www.sabimmo.eu\/fr\/properties\/apartment-fr\/bruxelles\/appartement-schaerbeek-7618592\/embed\/#?secret=vhvED7bbLw\" width=\"600\" height=\"338\" title=\"\u00ab\u00a0Appartement \u00e0 vendre &#8211; Schaerbeek (7618592)\u00a0\u00bb &#8212; Sabimmo\" data-secret=\"vhvED7bbLw\" frameborder=\"0\" marginwidth=\"0\" marginheight=\"0\" scrolling=\"no\" class=\"wp-embedded-content\"><\/iframe><script type=\"text\/javascript\">\n\/* <![CDATA[ *\/\n\/*! This file is auto-generated *\/\n!function(d,l){\"use strict\";l.querySelector&&d.addEventListener&&\"undefined\"!=typeof URL&&(d.wp=d.wp||{},d.wp.receiveEmbedMessage||(d.wp.receiveEmbedMessage=function(e){var t=e.data;if((t||t.secret||t.message||t.value)&&!\/[^a-zA-Z0-9]\/.test(t.secret)){for(var s,r,n,a=l.querySelectorAll('iframe[data-secret=\"'+t.secret+'\"]'),o=l.querySelectorAll('blockquote[data-secret=\"'+t.secret+'\"]'),c=new RegExp(\"^https?:$\",\"i\"),i=0;i<o.length;i++)o[i].style.display=\"none\";for(i=0;i<a.length;i++)s=a[i],e.source===s.contentWindow&&(s.removeAttribute(\"style\"),\"height\"===t.message?(1e3<(r=parseInt(t.value,10))?r=1e3:~~r<200&&(r=200),s.height=r):\"link\"===t.message&&(r=new URL(s.getAttribute(\"src\")),n=new URL(t.value),c.test(n.protocol))&&n.host===r.host&&l.activeElement===s&&(d.top.location.href=t.value))}},d.addEventListener(\"message\",d.wp.receiveEmbedMessage,!1),l.addEventListener(\"DOMContentLoaded\",function(){for(var e,t,s=l.querySelectorAll(\"iframe.wp-embedded-content\"),r=0;r<s.length;r++)(t=(e=s[r]).getAttribute(\"data-secret\"))||(t=Math.random().toString(36).substring(2,12),e.src+=\"#?secret=\"+t,e.setAttribute(\"data-secret\",t)),e.contentWindow.postMessage({message:\"ready\",secret:t},\"*\")},!1)))}(window,document);\n\/\/# sourceURL=https:\/\/www.sabimmo.eu\/wp-includes\/js\/wp-embed.min.js\n\/* ]]> *\/\n<\/script>\n","thumbnail_url":"https:\/\/www.sabimmo.eu\/wp-content\/uploads\/2026\/03\/622c3d5265e948f59d1d93b4e0b768cb-scaled.jpg","thumbnail_width":1200,"thumbnail_height":800,"description":"Situ\u00e9 au 6\u1d49 \u00e9tage d\u2019une copropri\u00e9t\u00e9 soigneusement entretenue de 8 \u00e9tages, cet appartement lumineux et spacieux allie confort, modernit\u00e9 et fonctionnalit\u00e9. Id\u00e9al pour une famille ou un investissement de qualit\u00e9, il b\u00e9n\u00e9ficie d\u2019un emplacement privil\u00e9gi\u00e9, \u00e0 proximit\u00e9 imm\u00e9diate des transports en commun, des grands axes routiers, des \u00e9coles et de nombreux magasins et restaurants. D\u00e8s [&hellip;]"}

Appartement à vendre - Schaerbeek (7618592) - Sabimmo

<blockquote class="wp-embedded-content" data-secret="vhvED7bbLw"><a href="https://www.sabimmo.eu/fr/properties/apartment-fr/bruxelles/appartement-schaerbeek-7618592/">Appartement à vendre &#8211; Schaerbeek (7618592)</a></blockquote><iframe sandbox="allow-scripts" security="restricted" src="https://www.sabimmo.eu/fr/properties/apartment-fr/bruxelles/appartement-schaerbeek-7618592/embed/#?secret=vhvED7bbLw" width="600" height="338" title="« Appartement à vendre &#8211; Schaerbeek (7618592) » &#8212; Sabimmo" data-secret="vhvED7bbLw" frameborder="0" marginwidth="0" marginheight="0" scrolling="no" class="wp-embedded-content"></iframe><script type="text/javascript">
/* <![CDATA[ */
/*! This file is auto-generated */
!function(d,l){"use strict";l.querySelector&&d.addEventListener&&"undefined"!=typeof URL&&(d.wp=d.wp||{},d.wp.receiveEmbedMessage||(d.wp.receiveEmbedMessage=function(e){var t=e.data;if((t||t.secret||t.message||t.value)&&!/[^a-zA-Z0-9]/.test(t.secret)){for(var s,r,n,a=l.querySelectorAll('iframe[data-secret="'+t.secret+'"]'),o=l.querySelectorAll('blockquote[data-secret="'+t.secret+'"]'),c=new RegExp("^https?:$","i"),i=0;i<o.length;i++)o[i].style.display="none";for(i=0;i<a.length;i++)s=a[i],e.source===s.contentWindow&&(s.removeAttribute("style"),"height"===t.message?(1e3<(r=parseInt(t.value,10))?r=1e3:~~r<200&&(r=200),s.height=r):"link"===t.message&&(r=new URL(s.getAttribute("src")),n=new URL(t.value),c.test(n.protocol))&&n.host===r.host&&l.activeElement===s&&(d.top.location.href=t.value))}},d.addEventListener("message",d.wp.receiveEmbedMessage,!1),l.addEventListener("DOMContentLoaded",function(){for(var e,t,s=l.querySelectorAll("iframe.wp-embedded-content"),r=0;r<s.length;r++)(t=(e=s[r]).getAttribute("data-secret"))||(t=Math.random().toString(36).substring(2,12),e.src+="#?secret="+t,e.setAttribute("data-secret",t)),e.contentWindow.postMessage({message:"ready",secret:t},"*")},!1)))}(window,document);
//# sourceURL=https://www.sabimmo.eu/wp-includes/js/wp-embed.min.js
/* ]]> */
</script>

Situé au 6ᵉ étage d’une copropriété soigneusement entretenue de 8 étages, cet appartement lumineux et spacieux allie confort, modernité et fonctionnalité. Idéal pour une famille ou un investissement de qualité, il bénéficie d’un emplacement privilégié, à proximité immédiate des transports en commun, des grands axes routiers, des écoles et de nombreux magasins et restaurants. Dès [&hellip;]
