{"version":"1.0","provider_name":"Sabimmo","provider_url":"https:\/\/www.sabimmo.eu\/fr\/","author_name":"Sabine","author_url":"https:\/\/www.sabimmo.eu\/fr\/user\/sabine\/","title":"Appartement \u00e0 louer - Nard\u00f2 (6819339) - Sabimmo","type":"rich","width":600,"height":338,"html":"<blockquote class=\"wp-embedded-content\" data-secret=\"SEWNhRGGfq\"><a href=\"https:\/\/www.sabimmo.eu\/fr\/properties\/apartment-fr\/bruxelles\/appartement-a-louer-nardo-6819339\/\">Appartement \u00e0 louer &#8211; Nard\u00f2 (6819339)<\/a><\/blockquote><iframe sandbox=\"allow-scripts\" security=\"restricted\" src=\"https:\/\/www.sabimmo.eu\/fr\/properties\/apartment-fr\/bruxelles\/appartement-a-louer-nardo-6819339\/embed\/#?secret=SEWNhRGGfq\" width=\"600\" height=\"338\" title=\"\u00ab\u00a0Appartement \u00e0 louer &#8211; Nard\u00f2 (6819339)\u00a0\u00bb &#8212; Sabimmo\" data-secret=\"SEWNhRGGfq\" frameborder=\"0\" marginwidth=\"0\" marginheight=\"0\" scrolling=\"no\" class=\"wp-embedded-content\"><\/iframe><script type=\"text\/javascript\">\n\/* <![CDATA[ *\/\n\/*! This file is auto-generated *\/\n!function(d,l){\"use strict\";l.querySelector&&d.addEventListener&&\"undefined\"!=typeof URL&&(d.wp=d.wp||{},d.wp.receiveEmbedMessage||(d.wp.receiveEmbedMessage=function(e){var t=e.data;if((t||t.secret||t.message||t.value)&&!\/[^a-zA-Z0-9]\/.test(t.secret)){for(var s,r,n,a=l.querySelectorAll('iframe[data-secret=\"'+t.secret+'\"]'),o=l.querySelectorAll('blockquote[data-secret=\"'+t.secret+'\"]'),c=new RegExp(\"^https?:$\",\"i\"),i=0;i<o.length;i++)o[i].style.display=\"none\";for(i=0;i<a.length;i++)s=a[i],e.source===s.contentWindow&&(s.removeAttribute(\"style\"),\"height\"===t.message?(1e3<(r=parseInt(t.value,10))?r=1e3:~~r<200&&(r=200),s.height=r):\"link\"===t.message&&(r=new URL(s.getAttribute(\"src\")),n=new URL(t.value),c.test(n.protocol))&&n.host===r.host&&l.activeElement===s&&(d.top.location.href=t.value))}},d.addEventListener(\"message\",d.wp.receiveEmbedMessage,!1),l.addEventListener(\"DOMContentLoaded\",function(){for(var e,t,s=l.querySelectorAll(\"iframe.wp-embedded-content\"),r=0;r<s.length;r++)(t=(e=s[r]).getAttribute(\"data-secret\"))||(t=Math.random().toString(36).substring(2,12),e.src+=\"#?secret=\"+t,e.setAttribute(\"data-secret\",t)),e.contentWindow.postMessage({message:\"ready\",secret:t},\"*\")},!1)))}(window,document);\n\/\/# sourceURL=https:\/\/www.sabimmo.eu\/wp-includes\/js\/wp-embed.min.js\n\/* ]]> *\/\n<\/script>\n","thumbnail_url":"https:\/\/www.sabimmo.eu\/wp-content\/uploads\/2025\/06\/ca29460429ed41b499b3b4ed2271d75a.jpg","thumbnail_width":900,"thumbnail_height":1200,"description":"\u00c0 louer pour les vacances, charmant appartement de 2 chambres situ\u00e9 en plein c\u0153ur du centre historique de Nard\u00f2, dans la magnifique r\u00e9gion des Pouilles, au sud de l\u2019Italie. Enti\u00e8rement meubl\u00e9 et \u00e9quip\u00e9 pour vous accueillir, ce logement offre tout le confort n\u00e9cessaire : &#8211; Deux chambres confortables&#8211; Une salle de douche &#8211; Une cuisine [&hellip;]"}

Appartement à louer - Nardò (6819339) - Sabimmo

<blockquote class="wp-embedded-content" data-secret="SEWNhRGGfq"><a href="https://www.sabimmo.eu/fr/properties/apartment-fr/bruxelles/appartement-a-louer-nardo-6819339/">Appartement à louer &#8211; Nardò (6819339)</a></blockquote><iframe sandbox="allow-scripts" security="restricted" src="https://www.sabimmo.eu/fr/properties/apartment-fr/bruxelles/appartement-a-louer-nardo-6819339/embed/#?secret=SEWNhRGGfq" width="600" height="338" title="« Appartement à louer &#8211; Nardò (6819339) » &#8212; Sabimmo" data-secret="SEWNhRGGfq" frameborder="0" marginwidth="0" marginheight="0" scrolling="no" class="wp-embedded-content"></iframe><script type="text/javascript">
/* <![CDATA[ */
/*! This file is auto-generated */
!function(d,l){"use strict";l.querySelector&&d.addEventListener&&"undefined"!=typeof URL&&(d.wp=d.wp||{},d.wp.receiveEmbedMessage||(d.wp.receiveEmbedMessage=function(e){var t=e.data;if((t||t.secret||t.message||t.value)&&!/[^a-zA-Z0-9]/.test(t.secret)){for(var s,r,n,a=l.querySelectorAll('iframe[data-secret="'+t.secret+'"]'),o=l.querySelectorAll('blockquote[data-secret="'+t.secret+'"]'),c=new RegExp("^https?:$","i"),i=0;i<o.length;i++)o[i].style.display="none";for(i=0;i<a.length;i++)s=a[i],e.source===s.contentWindow&&(s.removeAttribute("style"),"height"===t.message?(1e3<(r=parseInt(t.value,10))?r=1e3:~~r<200&&(r=200),s.height=r):"link"===t.message&&(r=new URL(s.getAttribute("src")),n=new URL(t.value),c.test(n.protocol))&&n.host===r.host&&l.activeElement===s&&(d.top.location.href=t.value))}},d.addEventListener("message",d.wp.receiveEmbedMessage,!1),l.addEventListener("DOMContentLoaded",function(){for(var e,t,s=l.querySelectorAll("iframe.wp-embedded-content"),r=0;r<s.length;r++)(t=(e=s[r]).getAttribute("data-secret"))||(t=Math.random().toString(36).substring(2,12),e.src+="#?secret="+t,e.setAttribute("data-secret",t)),e.contentWindow.postMessage({message:"ready",secret:t},"*")},!1)))}(window,document);
//# sourceURL=https://www.sabimmo.eu/wp-includes/js/wp-embed.min.js
/* ]]> */
</script>

À louer pour les vacances, charmant appartement de 2 chambres situé en plein cœur du centre historique de Nardò, dans la magnifique région des Pouilles, au sud de l’Italie. Entièrement meublé et équipé pour vous accueillir, ce logement offre tout le confort nécessaire : &#8211; Deux chambres confortables&#8211; Une salle de douche &#8211; Une cuisine [&hellip;]
